CRAN Package Check Results for Package IRexamples

Last updated on 2021-10-25 04:54:12 CEST.

Flavor Version Tinstall Tcheck Ttotal Status Flags
r-devel-linux-x86_64-debian-clang 0.0.1 16.20 208.07 224.27 OK
r-devel-linux-x86_64-debian-gcc 0.0.1 12.80 155.59 168.39 OK
r-devel-linux-x86_64-fedora-clang 0.0.1 300.67 OK
r-devel-linux-x86_64-fedora-gcc 0.0.1 273.63 OK
r-devel-windows-x86_64 0.0.1 39.00 294.00 333.00 OK
r-devel-windows-x86_64-gcc10-UCRT 0.0.1 OK
r-patched-linux-x86_64 0.0.1 16.66 198.10 214.76 OK
r-patched-solaris-x86 0.0.1 406.40 NOTE
r-release-linux-x86_64 0.0.1 15.63 198.38 214.01 OK
r-release-macos-arm64 0.0.1 OK
r-release-macos-x86_64 0.0.1 OK
r-release-windows-ix86+x86_64 0.0.1 43.00 277.00 320.00 OK
r-oldrel-macos-x86_64 0.0.1 OK
r-oldrel-windows-ix86+x86_64 0.0.1 63.00 288.00 351.00 OK

Check Details

Version: 0.0.1
Check: installed package size
Result: NOTE
     installed size is 5.0Mb
     sub-directories of 1Mb or more:
     doc 4.6Mb
Flavor: r-patched-solaris-x86