CRAN Package Check Results for Package ISAT

Last updated on 2022-05-17 15:53:20 CEST.

Flavor Version Tinstall Tcheck Ttotal Status Flags
r-devel-linux-x86_64-debian-clang 1.0.5 1.96 296.01 297.97 NOTE
r-devel-linux-x86_64-debian-gcc 1.0.5 1.70 199.14 200.84 NOTE
r-devel-linux-x86_64-fedora-clang 1.0.5 336.90 NOTE
r-devel-linux-x86_64-fedora-gcc 1.0.5 334.41 NOTE
r-devel-windows-x86_64 1.0.5 10.00 284.00 294.00 NOTE
r-patched-linux-x86_64 1.0.5 2.48 280.27 282.75 NOTE
r-release-linux-x86_64 1.0.5 1.94 271.17 273.11 NOTE
r-release-macos-arm64 1.0.5 78.00 NOTE
r-release-macos-x86_64 1.0.5 107.00 NOTE
r-release-windows-x86_64 1.0.5 12.00 270.00 282.00 NOTE
r-oldrel-macos-arm64 1.0.5 95.00 NOTE
r-oldrel-macos-x86_64 1.0.5 149.00 NOTE
r-oldrel-windows-ix86+x86_64 1.0.5 8.00 324.00 332.00 NOTE

Check Details

Version: 1.0.5
Check: LazyData
Result: NOTE
     'LazyData' is specified without a 'data' directory
Flavors: r-devel-linux-x86_64-debian-clang, r-devel-linux-x86_64-debian-gcc, r-devel-linux-x86_64-fedora-clang, r-devel-linux-x86_64-fedora-gcc, r-devel-windows-x86_64, r-patched-linux-x86_64, r-release-linux-x86_64, r-release-macos-arm64, r-release-macos-x86_64, r-release-windows-x86_64, r-oldrel-macos-arm64, r-oldrel-macos-x86_64, r-oldrel-windows-ix86+x86_64