CRAN Package Check Results for Package ISM

Last updated on 2022-01-27 08:49:16 CET.

Flavor Version Tinstall Tcheck Ttotal Status Flags
r-devel-linux-x86_64-debian-clang 0.1.0 9.31 90.10 99.41 NOTE
r-devel-linux-x86_64-debian-gcc 0.1.0 7.20 66.40 73.60 NOTE
r-devel-linux-x86_64-fedora-clang 0.1.0 111.81 NOTE
r-devel-linux-x86_64-fedora-gcc 0.1.0 110.22 NOTE
r-devel-windows-x86_64-new-UL 0.1.0 14.00 89.00 103.00 NOTE
r-devel-windows-x86_64-new-TK 0.1.0 NOTE
r-patched-linux-x86_64 0.1.0 8.56 84.98 93.54 NOTE
r-release-linux-x86_64 0.1.0 8.46 85.81 94.27 NOTE
r-release-macos-arm64 0.1.0 NOTE
r-release-macos-x86_64 0.1.0 NOTE
r-release-windows-ix86+x86_64 0.1.0 14.00 73.00 87.00 NOTE
r-oldrel-macos-x86_64 0.1.0 OK
r-oldrel-windows-ix86+x86_64 0.1.0 14.00 73.00 87.00 OK

Check Details

Version: 0.1.0
Check: LazyData
Result: NOTE
     'LazyData' is specified without a 'data' directory
Flavors: r-devel-linux-x86_64-debian-clang, r-devel-linux-x86_64-debian-gcc, r-devel-linux-x86_64-fedora-clang, r-devel-linux-x86_64-fedora-gcc, r-devel-windows-x86_64-new-UL, r-devel-windows-x86_64-new-TK, r-patched-linux-x86_64, r-release-linux-x86_64, r-release-macos-arm64, r-release-macos-x86_64, r-release-windows-ix86+x86_64