CRAN Package Check Results for Package ISM

Last updated on 2020-10-21 03:47:23 CEST.

Flavor Version Tinstall Tcheck Ttotal Status Flags
r-devel-linux-x86_64-debian-clang 0.1.0 7.86 77.23 85.09 OK
r-devel-linux-x86_64-debian-gcc 0.1.0 6.40 58.71 65.11 OK
r-devel-linux-x86_64-fedora-clang 0.1.0 105.27 OK
r-devel-linux-x86_64-fedora-gcc 0.1.0 95.08 OK
r-devel-windows-ix86+x86_64 0.1.0 12.00 54.00 66.00 OK
r-patched-linux-x86_64 0.1.0 8.25 72.86 81.11 OK
r-patched-solaris-x86 0.1.0 106.00 OK
r-release-linux-x86_64 0.1.0 8.84 73.26 82.10 OK
r-release-macos-x86_64 0.1.0 OK
r-release-windows-ix86+x86_64 0.1.0 10.00 69.00 79.00 OK
r-oldrel-macos-x86_64 0.1.0 OK
r-oldrel-windows-ix86+x86_64 0.1.0 5.00 5.00 10.00 ERROR

Check Details

Version: 0.1.0
Check: whether package can be installed
Result: ERROR
    Installation failed.
Flavor: r-oldrel-windows-ix86+x86_64