CRAN Package Check Results for Package ISOcodes

Last updated on 2019-03-20 16:49:05 CET.

Flavor Version Tinstall Tcheck Ttotal Status Flags
r-devel-linux-x86_64-debian-clang 2019.02.13 1.29 11.77 13.06 OK
r-devel-linux-x86_64-debian-gcc 2019.02.13 1.16 9.58 10.74 OK
r-devel-linux-x86_64-fedora-clang 2019.02.13 16.37 NOTE
r-devel-linux-x86_64-fedora-gcc 2019.02.13 16.06 NOTE
r-devel-windows-ix86+x86_64 2019.02.13 5.00 28.00 33.00 OK
r-patched-linux-x86_64 2019.02.13 1.14 11.24 12.38 OK
r-patched-solaris-x86 2019.02.13 25.00 NOTE
r-release-linux-x86_64 2019.02.13 1.16 11.02 12.18 OK
r-release-windows-ix86+x86_64 2019.02.13 5.00 34.00 39.00 OK
r-release-osx-x86_64 2019.02.13 NOTE
r-oldrel-windows-ix86+x86_64 2019.02.13 2.00 18.00 20.00 OK
r-oldrel-osx-x86_64 2019.02.13 NOTE

Check Details

Version: 2019.02.13
Check: data for non-ASCII characters
Result: NOTE
     Note: found 7421 marked UTF-8 strings
Flavors: r-devel-linux-x86_64-fedora-clang, r-devel-linux-x86_64-fedora-gcc, r-patched-solaris-x86, r-release-osx-x86_64, r-oldrel-osx-x86_64