CRAN Package Check Results for Package ISOcodes

Last updated on 2019-05-20 08:52:11 CEST.

Flavor Version Tinstall Tcheck Ttotal Status Flags
r-devel-linux-x86_64-debian-clang 2019.04.22 1.40 11.92 13.32 OK
r-devel-linux-x86_64-debian-gcc 2019.04.22 1.04 9.55 10.59 OK
r-devel-linux-x86_64-fedora-clang 2019.04.22 16.40 NOTE
r-devel-linux-x86_64-fedora-gcc 2019.04.22 16.23 NOTE
r-devel-windows-ix86+x86_64 2019.04.22 12.00 29.00 41.00 OK
r-patched-linux-x86_64 2019.04.22 1.51 11.70 13.21 OK
r-patched-solaris-x86 2019.04.22 25.30 NOTE
r-release-linux-x86_64 2019.04.22 1.48 11.68 13.16 OK
r-release-windows-ix86+x86_64 2019.04.22 7.00 30.00 37.00 OK
r-release-osx-x86_64 2019.04.22 NOTE
r-oldrel-windows-ix86+x86_64 2019.04.22 4.00 26.00 30.00 OK
r-oldrel-osx-x86_64 2019.04.22 NOTE

Check Details

Version: 2019.04.22
Check: data for non-ASCII characters
Result: NOTE
     Note: found 7421 marked UTF-8 strings
Flavors: r-devel-linux-x86_64-fedora-clang, r-devel-linux-x86_64-fedora-gcc, r-patched-solaris-x86, r-release-osx-x86_64, r-oldrel-osx-x86_64