Last updated on 2023-12-03 20:51:18 CET.
Flavor | Version | Tinstall | Tcheck | Ttotal | Status | Flags |
---|---|---|---|---|---|---|
r-devel-linux-x86_64-debian-clang | 2022.09.29 | 1.39 | 15.77 | 17.16 | OK | |
r-devel-linux-x86_64-debian-gcc | 2022.09.29 | 1.45 | 12.55 | 14.00 | OK | |
r-devel-linux-x86_64-fedora-clang | 2022.09.29 | 22.90 | NOTE | |||
r-devel-linux-x86_64-fedora-gcc | 2022.09.29 | 22.93 | NOTE | |||
r-devel-windows-x86_64 | 2022.09.29 | 2.00 | 34.00 | 36.00 | OK | |
r-patched-linux-x86_64 | 2022.09.29 | 1.67 | 15.83 | 17.50 | OK | |
r-release-linux-x86_64 | 2022.09.29 | 1.72 | 15.82 | 17.54 | OK | |
r-release-macos-arm64 | 2022.09.29 | 13.00 | OK | |||
r-release-macos-x86_64 | 2022.09.29 | 16.00 | OK | |||
r-release-windows-x86_64 | 2022.09.29 | 2.00 | 31.00 | 33.00 | OK | |
r-oldrel-macos-arm64 | 2022.09.29 | 12.00 | OK | |||
r-oldrel-macos-x86_64 | 2022.09.29 | 16.00 | NOTE | |||
r-oldrel-windows-x86_64 | 2022.09.29 | 3.00 | 33.00 | 36.00 | OK |
Version: 2022.09.29
Check: Rd cross-references
Result: NOTE
Undeclared package ‘Unicode’ in Rd xrefs
Flavor: r-devel-linux-x86_64-fedora-clang
Version: 2022.09.29
Check: data for non-ASCII characters
Result: NOTE
Note: found 7528 marked UTF-8 strings
Flavors: r-devel-linux-x86_64-fedora-clang, r-devel-linux-x86_64-fedora-gcc, r-oldrel-macos-x86_64