CRAN Package Check Results for Package ISOcodes

Last updated on 2022-12-03 23:01:31 CET.

Flavor Version Tinstall Tcheck Ttotal Status Flags
r-devel-linux-x86_64-debian-clang 2022.09.29 1.85 16.44 18.29 OK
r-devel-linux-x86_64-debian-gcc 2022.09.29 1.52 12.62 14.14 OK
r-devel-linux-x86_64-fedora-clang 2022.09.29 34.01 NOTE
r-devel-linux-x86_64-fedora-gcc 2022.09.29 32.79 NOTE
r-devel-windows-x86_64 2022.09.29 14.00 42.00 56.00 OK
r-patched-linux-x86_64 2022.09.29 2.01 15.05 17.06 OK
r-release-linux-x86_64 2022.09.29 1.46 15.41 16.87 OK
r-release-macos-arm64 2022.09.29 12.00 NOTE
r-release-macos-x86_64 2022.09.29 16.00 NOTE
r-release-windows-x86_64 2022.09.29 3.00 33.00 36.00 OK
r-oldrel-macos-arm64 2022.09.29 15.00 NOTE
r-oldrel-macos-x86_64 2022.09.29 20.00 NOTE
r-oldrel-windows-ix86+x86_64 2022.09.29 6.00 34.00 40.00 OK

Check Details

Version: 2022.09.29
Check: Rd cross-references
Result: NOTE
    Undeclared package ‘Unicode’ in Rd xrefs
Flavor: r-devel-linux-x86_64-fedora-clang

Version: 2022.09.29
Check: data for non-ASCII characters
Result: NOTE
     Note: found 7528 marked UTF-8 strings
Flavors: r-devel-linux-x86_64-fedora-clang, r-devel-linux-x86_64-fedora-gcc, r-release-macos-arm64, r-release-macos-x86_64, r-oldrel-macos-arm64, r-oldrel-macos-x86_64