CRAN Package Check Results for Package ITGM

Last updated on 2020-03-31 19:49:45 CEST.

Flavor Version Tinstall Tcheck Ttotal Status Flags
r-devel-linux-x86_64-debian-clang 0.41 6.81 59.93 66.74 OK
r-devel-linux-x86_64-debian-gcc 0.41 5.72 48.37 54.09 OK
r-devel-linux-x86_64-fedora-clang 0.41 82.60 OK
r-devel-linux-x86_64-fedora-gcc 0.41 80.62 OK
r-devel-windows-ix86+x86_64 0.41 24.00 67.00 91.00 OK
r-devel-windows-ix86+x86_64-gcc8 0.41 18.00 72.00 90.00 OK
r-patched-linux-x86_64 0.41 6.67 58.29 64.96 OK
r-patched-solaris-x86 0.41 138.30 OK
r-release-linux-x86_64 0.41 6.68 54.06 60.74 OK
r-release-windows-ix86+x86_64 0.41 23.00 107.00 130.00 OK
r-release-osx-x86_64 0.41 FAIL
r-oldrel-windows-ix86+x86_64 0.41 19.00 109.00 128.00 OK
r-oldrel-osx-x86_64 0.41 OK

Check Details

Version: 0.41
Check: whether package can be installed
Result: FAIL
Flavor: r-release-osx-x86_64