CRAN Package Check Results for Package ITNr

Last updated on 2019-08-23 08:53:35 CEST.

Flavor Version Tinstall Tcheck Ttotal Status Flags
r-devel-linux-x86_64-debian-clang 0.3.0 4.65 41.72 46.37 OK
r-devel-linux-x86_64-debian-gcc 0.3.0 3.82 32.41 36.23 OK
r-devel-linux-x86_64-fedora-clang 0.3.0 56.06 NOTE
r-devel-linux-x86_64-fedora-gcc 0.3.0 56.21 NOTE
r-devel-windows-ix86+x86_64 0.3.0 15.00 78.00 93.00 OK
r-patched-linux-x86_64 0.3.0 4.37 40.65 45.02 OK
r-patched-solaris-x86 0.3.0 75.90 NOTE
r-release-linux-x86_64 0.3.0 4.62 40.50 45.12 OK
r-release-windows-ix86+x86_64 0.3.0 15.00 73.00 88.00 OK
r-release-osx-x86_64 0.3.0 NOTE
r-oldrel-windows-ix86+x86_64 0.3.0 6.00 69.00 75.00 ERROR
r-oldrel-osx-x86_64 0.3.0 NOTE

Check Details

Version: 0.3.0
Check: dependencies in R code
Result: NOTE
    Namespace in Imports field not imported from: ‘comtradr’
     All declared Imports should be used.
Flavors: r-devel-linux-x86_64-fedora-clang, r-devel-linux-x86_64-fedora-gcc, r-patched-solaris-x86, r-release-osx-x86_64, r-oldrel-osx-x86_64

Version: 0.3.0
Check: examples
Result: ERROR
    Running examples in 'ITNr-Ex.R' failed
    The error most likely occurred in:
    
    > ### Name: ITNdynamic
    > ### Title: Dynamic ITN
    > ### Aliases: ITNdynamic
    >
    > ### ** Examples
    >
    > require(igraph)
    Loading required package: igraph
    
    Attaching package: 'igraph'
    
    The following objects are masked from 'package:network':
    
     %c%, %s%, add.edges, add.vertices, delete.edges, delete.vertices,
     get.edge.attribute, get.edges, get.vertex.attribute, is.bipartite,
     is.directed, list.edge.attributes, list.vertex.attributes,
     set.edge.attribute, set.vertex.attribute
    
    The following objects are masked from 'package:stats':
    
     decompose, spectrum
    
    The following object is masked from 'package:base':
    
     union
    
    >
    > ##Create a set of random International Trade Networks (igraph objects)
    > ##and add vertex names
    > ITN1<-erdos.renyi.game(75,0.05,directed = TRUE)
    > V(ITN1)$name<-1:vcount(ITN1)
    > ITN2<-erdos.renyi.game(100,0.01,directed = TRUE)
    > V(ITN2)$name<-1:vcount(ITN2)
    > ITN3<-erdos.renyi.game(55,0.1,directed = TRUE)
    > V(ITN3)$name<-1:vcount(ITN3)
    >
    > ##Create network list
    > NETlist<-list(ITN1,ITN2,ITN3)
    >
    > ##Create Dynamic Network Object
    >
    > ITNdyn<-ITNdynamic(NETlist)
    Error in loadNamespace(j <- i[[1L]], c(lib.loc, .libPaths()), versionCheck = vI[[j]]) :
     namespace 'MASS' 7.3-51.1 is being loaded, but >= 7.3.51.4 is required
    Calls: ITNdynamic ... tryCatch -> tryCatchList -> tryCatchOne -> <Anonymous>
    Execution halted
Flavor: r-oldrel-windows-ix86+x86_64