CRAN Package Check Results for Package ITNr

Last updated on 2019-12-12 22:51:16 CET.

Flavor Version Tinstall Tcheck Ttotal Status Flags
r-devel-linux-x86_64-debian-clang 0.3.0 4.52 44.71 49.23 OK
r-devel-linux-x86_64-debian-gcc 0.3.0 3.98 36.02 40.00 OK
r-devel-linux-x86_64-fedora-clang 0.3.0 61.89 NOTE
r-devel-linux-x86_64-fedora-gcc 0.3.0 59.44 NOTE
r-devel-windows-ix86+x86_64 0.3.0 10.00 61.00 71.00 OK
r-devel-windows-ix86+x86_64-gcc8 0.3.0 12.00 82.00 94.00 OK
r-patched-linux-x86_64 0.3.0 3.65 40.01 43.66 OK
r-patched-solaris-x86 0.3.0 77.10 NOTE
r-release-linux-x86_64 0.3.0 4.57 39.81 44.38 OK
r-release-windows-ix86+x86_64 0.3.0 11.00 56.00 67.00 OK
r-release-osx-x86_64 0.3.0 NOTE
r-oldrel-windows-ix86+x86_64 0.3.0 6.00 54.00 60.00 OK
r-oldrel-osx-x86_64 0.3.0 NOTE

Check Details

Version: 0.3.0
Check: dependencies in R code
Result: NOTE
    Namespace in Imports field not imported from: ‘comtradr’
     All declared Imports should be used.
Flavors: r-devel-linux-x86_64-fedora-clang, r-devel-linux-x86_64-fedora-gcc, r-patched-solaris-x86, r-release-osx-x86_64, r-oldrel-osx-x86_64