CRAN Package Check Results for Package IceSat2R

Last updated on 2022-07-05 11:49:55 CEST.

Flavor Version Tinstall Tcheck Ttotal Status Flags
r-devel-linux-x86_64-debian-clang 1.0.1 12.67 160.58 173.25 OK
r-devel-linux-x86_64-debian-gcc 1.0.1 9.07 117.95 127.02 OK
r-devel-linux-x86_64-fedora-clang 1.0.2 238.52 NOTE
r-devel-linux-x86_64-fedora-gcc 1.0.2 238.98 NOTE
r-devel-windows-x86_64 1.0.1 38.00 254.00 292.00 OK
r-patched-linux-x86_64 1.0.1 10.64 147.34 157.98 OK
r-release-linux-x86_64 1.0.1 7.49 148.32 155.81 OK
r-release-macos-arm64 1.0.2 88.00 NOTE
r-release-macos-x86_64 1.0.1 148.00 OK
r-release-windows-x86_64 1.0.2 78.00 257.00 335.00 OK
r-oldrel-macos-arm64 1.0.2 85.00 NOTE
r-oldrel-macos-x86_64 1.0.1 110.00 OK
r-oldrel-windows-ix86+x86_64 1.0.2 29.00 273.00 302.00 OK

Check Details

Version: 1.0.2
Check: data for non-ASCII characters
Result: NOTE
     Note: found 10 marked UTF-8 strings
Flavors: r-devel-linux-x86_64-fedora-clang, r-devel-linux-x86_64-fedora-gcc, r-release-macos-arm64, r-oldrel-macos-arm64

Version: 1.0.2
Check: for detritus in the temp directory
Result: NOTE
    Found the following files/directories:
     ‘Crashpad’
Flavors: r-devel-linux-x86_64-fedora-clang, r-devel-linux-x86_64-fedora-gcc