CRAN Package Check Results for Package IgorR

Last updated on 2020-03-31 19:49:45 CEST.

Flavor Version Tinstall Tcheck Ttotal Status Flags
r-devel-linux-x86_64-debian-clang 0.8.1 2.92 26.08 29.00 NOTE
r-devel-linux-x86_64-debian-gcc 0.8.1 2.10 20.48 22.58 NOTE
r-devel-linux-x86_64-fedora-clang 0.8.1 36.09 NOTE
r-devel-linux-x86_64-fedora-gcc 0.8.1 34.73 OK
r-devel-windows-ix86+x86_64 0.8.1 7.00 39.00 46.00 OK
r-devel-windows-ix86+x86_64-gcc8 0.8.1 6.00 40.00 46.00 OK
r-patched-linux-x86_64 0.8.1 2.48 25.51 27.99 NOTE
r-patched-solaris-x86 0.8.1 53.80 OK
r-release-linux-x86_64 0.8.1 1.84 23.45 25.29 NOTE
r-release-windows-ix86+x86_64 0.8.1 22.00 53.00 75.00 OK
r-release-osx-x86_64 0.8.1 OK
r-oldrel-windows-ix86+x86_64 0.8.1 6.00 54.00 60.00 OK
r-oldrel-osx-x86_64 0.8.1 OK

Check Details

Version: 0.8.1
Check: R code for possible problems
Result: NOTE
    Found the following assignments to the global environment:
    File 'IgorR/R/ReadIgorBinary.R':
     assign(WaveName, rval, envir = .GlobalEnv)
Flavors: r-devel-linux-x86_64-debian-clang, r-devel-linux-x86_64-debian-gcc, r-devel-linux-x86_64-fedora-clang, r-patched-linux-x86_64, r-release-linux-x86_64