CRAN Package Check Results for Package IncDTW

Last updated on 2021-09-24 13:53:29 CEST.

Flavor Version Tinstall Tcheck Ttotal Status Flags
r-devel-linux-x86_64-debian-clang 1.1.4.2 122.56 92.46 215.02 NOTE
r-devel-linux-x86_64-debian-gcc 1.1.4.3 83.73 67.38 151.11 NOTE
r-devel-linux-x86_64-fedora-clang 1.1.4.3 297.72 NOTE
r-devel-linux-x86_64-fedora-gcc 1.1.4.3 272.52 NOTE
r-devel-windows-x86_64 1.1.4.3 154.00 124.00 278.00 NOTE
r-devel-windows-x86_64-gcc10-UCRT 1.1.4.2 NOTE
r-patched-linux-x86_64 1.1.4.2 98.08 85.80 183.88 NOTE
r-patched-solaris-x86 1.1.4.3 248.00 NOTE
r-release-linux-x86_64 1.1.4.2 98.96 85.94 184.90 NOTE
r-release-macos-arm64 1.1.4.2 NOTE
r-release-macos-x86_64 1.1.4.2 NOTE
r-release-windows-ix86+x86_64 1.1.4.3 209.00 122.00 331.00 NOTE
r-oldrel-macos-x86_64 1.1.4.2 NOTE
r-oldrel-windows-ix86+x86_64 1.1.4.2 213.00 123.00 336.00 NOTE

Check Details

Version: 1.1.4.2
Check: for GNU extensions in Makefiles
Result: NOTE
    GNU make is a SystemRequirements.
Flavors: r-devel-linux-x86_64-debian-clang, r-devel-windows-x86_64-gcc10-UCRT, r-patched-linux-x86_64, r-release-linux-x86_64, r-release-macos-arm64, r-release-macos-x86_64, r-oldrel-macos-x86_64, r-oldrel-windows-ix86+x86_64

Version: 1.1.4.3
Check: for GNU extensions in Makefiles
Result: NOTE
    GNU make is a SystemRequirements.
Flavors: r-devel-linux-x86_64-debian-gcc, r-devel-linux-x86_64-fedora-clang, r-devel-linux-x86_64-fedora-gcc, r-devel-windows-x86_64, r-patched-solaris-x86, r-release-windows-ix86+x86_64

Version: 1.1.4.3
Check: installed package size
Result: NOTE
     installed size is 6.2Mb
     sub-directories of 1Mb or more:
     libs 4.4Mb
Flavor: r-devel-linux-x86_64-fedora-clang

Version: 1.1.4.2
Check: installed package size
Result: NOTE
     installed size is 8.3Mb
     sub-directories of 1Mb or more:
     libs 6.5Mb
Flavors: r-release-macos-arm64, r-release-macos-x86_64, r-oldrel-macos-x86_64