CRAN Package Check Results for Package Inflation

Last updated on 2022-05-17 08:52:21 CEST.

Flavor Version Tinstall Tcheck Ttotal Status Flags
r-devel-linux-x86_64-debian-clang 0.1.0 1.95 38.07 40.02 OK
r-devel-linux-x86_64-debian-gcc 0.1.0 1.61 28.94 30.55 OK
r-devel-linux-x86_64-fedora-clang 0.1.0 48.10 NOTE
r-devel-linux-x86_64-fedora-gcc 0.1.0 47.33 NOTE
r-devel-windows-x86_64 0.1.0 14.00 61.00 75.00 OK
r-patched-linux-x86_64 0.1.0 2.19 36.14 38.33 OK
r-release-linux-x86_64 0.1.0 2.36 35.77 38.13 OK
r-release-macos-arm64 0.1.0 16.00 NOTE
r-release-macos-x86_64 0.1.0 28.00 NOTE
r-release-windows-x86_64 0.1.0 16.00 57.00 73.00 OK
r-oldrel-macos-arm64 0.1.0 18.00 NOTE
r-oldrel-macos-x86_64 0.1.0 37.00 NOTE
r-oldrel-windows-ix86+x86_64 0.1.0 7.00 48.00 55.00 OK

Check Details

Version: 0.1.0
Check: data for non-ASCII characters
Result: NOTE
     Note: found 151 marked UTF-8 strings
Flavors: r-devel-linux-x86_64-fedora-clang, r-devel-linux-x86_64-fedora-gcc, r-release-macos-arm64, r-release-macos-x86_64, r-oldrel-macos-arm64, r-oldrel-macos-x86_64