CRAN Package Check Results for Package InformationValue

Last updated on 2020-05-26 12:49:14 CEST.

Flavor Version Tinstall Tcheck Ttotal Status Flags
r-devel-linux-x86_64-debian-clang 1.2.3 4.25 50.21 54.46 NOTE
r-devel-linux-x86_64-debian-gcc 1.2.3 3.39 37.70 41.09 NOTE
r-devel-linux-x86_64-fedora-clang 1.2.3 69.64 NOTE
r-devel-linux-x86_64-fedora-gcc 1.2.3 65.41 NOTE
r-devel-windows-ix86+x86_64 1.2.3 22.00 91.00 113.00 NOTE
r-patched-linux-x86_64 1.2.3 4.83 48.18 53.01 NOTE
r-patched-solaris-x86 1.2.3 95.00 NOTE
r-release-linux-x86_64 1.2.3 4.79 48.56 53.35 NOTE
r-release-osx-x86_64 1.2.3 NOTE
r-release-windows-ix86+x86_64 1.2.3 14.00 90.00 104.00 NOTE
r-oldrel-osx-x86_64 1.2.3 NOTE
r-oldrel-windows-ix86+x86_64 1.2.3 13.00 86.00 99.00 NOTE

Check Details

Version: 1.2.3
Check: DESCRIPTION meta-information
Result: NOTE
    BugReports field should be the URL of a single webpage
Flavors: r-devel-linux-x86_64-debian-clang, r-devel-linux-x86_64-debian-gcc, r-devel-linux-x86_64-fedora-clang, r-devel-linux-x86_64-fedora-gcc, r-devel-windows-ix86+x86_64, r-patched-linux-x86_64, r-patched-solaris-x86, r-release-linux-x86_64, r-release-osx-x86_64, r-release-windows-ix86+x86_64, r-oldrel-osx-x86_64, r-oldrel-windows-ix86+x86_64