CRAN Package Check Results for Package InformationValue

Last updated on 2019-08-21 09:50:23 CEST.

Flavor Version Tinstall Tcheck Ttotal Status Flags
r-devel-linux-x86_64-debian-clang 1.2.3 3.95 46.02 49.97 NOTE
r-devel-linux-x86_64-debian-gcc 1.2.3 3.54 35.61 39.15 NOTE
r-devel-linux-x86_64-fedora-clang 1.2.3 62.17 NOTE
r-devel-linux-x86_64-fedora-gcc 1.2.3 58.13 NOTE
r-devel-windows-ix86+x86_64 1.2.3 15.00 81.00 96.00 NOTE
r-patched-linux-x86_64 1.2.3 3.82 44.57 48.39 NOTE
r-patched-solaris-x86 1.2.3 88.00 NOTE
r-release-linux-x86_64 1.2.3 3.75 44.04 47.79 NOTE
r-release-windows-ix86+x86_64 1.2.3 11.00 63.00 74.00 NOTE
r-release-osx-x86_64 1.2.3 NOTE
r-oldrel-windows-ix86+x86_64 1.2.3 32.00 83.00 115.00 NOTE
r-oldrel-osx-x86_64 1.2.3 NOTE

Check Details

Version: 1.2.3
Check: DESCRIPTION meta-information
Result: NOTE
    BugReports field should be the URL of a single webpage
Flavors: r-devel-linux-x86_64-debian-clang, r-devel-linux-x86_64-debian-gcc, r-devel-linux-x86_64-fedora-clang, r-devel-linux-x86_64-fedora-gcc, r-devel-windows-ix86+x86_64, r-patched-linux-x86_64, r-patched-solaris-x86, r-release-linux-x86_64, r-release-windows-ix86+x86_64, r-release-osx-x86_64, r-oldrel-windows-ix86+x86_64, r-oldrel-osx-x86_64