CRAN Package Check Results for Package InjurySeverityScore

Last updated on 2021-04-13 17:47:45 CEST.

Flavor Version Tinstall Tcheck Ttotal Status Flags
r-devel-linux-x86_64-debian-clang 0.0.0.2 1.97 22.09 24.06 NOTE
r-devel-linux-x86_64-debian-gcc 0.0.0.2 1.60 17.66 19.26 NOTE
r-devel-linux-x86_64-fedora-clang 0.0.0.2 39.59 NOTE
r-devel-linux-x86_64-fedora-gcc 0.0.0.2 29.48 NOTE
r-devel-windows-ix86+x86_64 0.0.0.2 5.00 41.00 46.00 NOTE
r-devel-windows-x86_64-gcc10-UCRT 0.0.0.2 NOTE
r-patched-linux-x86_64 0.0.0.2 1.82 21.60 23.42 OK
r-patched-solaris-x86 0.0.0.2 45.70 OK
r-release-linux-x86_64 0.0.0.2 1.62 21.85 23.47 OK
r-release-macos-x86_64 0.0.0.2 OK
r-release-windows-ix86+x86_64 0.0.0.2 14.00 35.00 49.00 OK
r-oldrel-macos-x86_64 0.0.0.2 OK
r-oldrel-windows-ix86+x86_64 0.0.0.2 3.00 29.00 32.00 OK

Check Details

Version: 0.0.0.2
Check: LazyData
Result: NOTE
     'LazyData' is specified without a 'data' directory
Flavors: r-devel-linux-x86_64-debian-clang, r-devel-linux-x86_64-debian-gcc, r-devel-linux-x86_64-fedora-clang, r-devel-linux-x86_64-fedora-gcc, r-devel-windows-ix86+x86_64, r-devel-windows-x86_64-gcc10-UCRT