Last updated on 2023-03-23 11:59:42 CET.
Flavor | Version | Tinstall | Tcheck | Ttotal | Status | Flags |
---|---|---|---|---|---|---|
r-devel-linux-x86_64-debian-clang | 2.0.2 | 14.58 | 200.05 | 214.63 | OK | |
r-devel-linux-x86_64-debian-gcc | 2.0.2 | 10.72 | 141.75 | 152.47 | OK | |
r-devel-linux-x86_64-fedora-clang | 2.0.2 | 257.52 | OK | |||
r-devel-linux-x86_64-fedora-gcc | 2.0.2 | 265.62 | OK | |||
r-devel-windows-x86_64 | 2.0.2 | 34.00 | 248.00 | 282.00 | OK | |
r-patched-linux-x86_64 | 2.0.2 | 12.86 | 190.46 | 203.32 | OK | |
r-release-linux-x86_64 | 2.0.2 | 9.12 | 191.17 | 200.29 | OK | |
r-release-macos-arm64 | 2.0.2 | 66.00 | OK | |||
r-release-macos-x86_64 | 2.0.2 | 96.00 | OK | |||
r-release-windows-x86_64 | 2.0.2 | 40.00 | 217.00 | 257.00 | OK | |
r-oldrel-macos-arm64 | 2.0.2 | 60.00 | OK | |||
r-oldrel-macos-x86_64 | 2.0.2 | 96.00 | OK | |||
r-oldrel-windows-ix86+x86_64 | 2.0.2 | 31.00 | 232.00 | 263.00 | NOTE |
Version: 2.0.2
Check: dependencies in R code
Result: NOTE
Initiating curl with CURL_SSL_BACKEND: openssl
Flavor: r-oldrel-windows-ix86+x86_64