CRAN Package Check Results for Package IntLik

Last updated on 2021-10-26 04:27:17 CEST.

Flavor Version Tinstall Tcheck Ttotal Status Flags
r-devel-linux-x86_64-debian-clang 1.0 2.45 35.53 37.98 NOTE
r-devel-linux-x86_64-debian-gcc 1.0 2.13 26.93 29.06 NOTE
r-devel-linux-x86_64-fedora-clang 1.0 59.52 NOTE
r-devel-linux-x86_64-fedora-gcc 1.0 47.86 NOTE
r-devel-windows-x86_64 1.0 5.00 44.00 49.00 NOTE
r-devel-windows-x86_64-gcc10-UCRT 1.0 NOTE
r-patched-linux-x86_64 1.0 2.80 34.98 37.78 NOTE
r-patched-solaris-x86 1.0 69.40 NOTE
r-release-linux-x86_64 1.0 2.72 35.08 37.80 NOTE
r-release-macos-arm64 1.0 NOTE
r-release-macos-x86_64 1.0 NOTE
r-release-windows-ix86+x86_64 1.0 5.00 50.00 55.00 NOTE
r-oldrel-macos-x86_64 1.0 NOTE
r-oldrel-windows-ix86+x86_64 1.0 6.00 53.00 59.00 NOTE

Check Details

Version: 1.0
Check: dependencies in R code
Result: NOTE
    'library' or 'require' call to 'maxLik' which was already attached by Depends.
     Please remove these calls from your code.
    Package in Depends field not imported from: 'maxLik'
     These packages need to be imported from (in the NAMESPACE file)
     for when this namespace is loaded but not attached.
Flavors: r-devel-linux-x86_64-debian-clang, r-devel-linux-x86_64-debian-gcc, r-devel-linux-x86_64-fedora-clang, r-devel-linux-x86_64-fedora-gcc, r-devel-windows-x86_64, r-devel-windows-x86_64-gcc10-UCRT, r-patched-linux-x86_64, r-patched-solaris-x86, r-release-linux-x86_64, r-release-macos-arm64, r-release-macos-x86_64, r-release-windows-ix86+x86_64, r-oldrel-macos-x86_64, r-oldrel-windows-ix86+x86_64

Version: 1.0
Check: R code for possible problems
Result: NOTE
    ILik : rbern: no visible global function definition for 'runif'
    ILik : q: no visible global function definition for 'dnorm'
    ILik : SlambdaG: no visible global function definition for 'rnorm'
    ILik : Pi_hat: no visible global function definition for 'rnorm'
    ILik : q: no visible global function definition for 'dgamma'
    ILik : SlambdaG: no visible global function definition for 'rgamma'
    ILik : Pi_hat: no visible global function definition for 'rgamma'
    ILik: no visible global function definition for 'maxLik'
    ILik: no visible global function definition for 'coef'
    ILik: no visible global function definition for 'hessian'
    Undefined global functions or variables:
     coef dgamma dnorm hessian maxLik rgamma rnorm runif
    Consider adding
     importFrom("stats", "coef", "dgamma", "dnorm", "rgamma", "rnorm",
     "runif")
    to your NAMESPACE file.
Flavors: r-devel-linux-x86_64-debian-clang, r-devel-linux-x86_64-debian-gcc, r-devel-linux-x86_64-fedora-clang, r-devel-linux-x86_64-fedora-gcc, r-devel-windows-x86_64, r-devel-windows-x86_64-gcc10-UCRT, r-patched-linux-x86_64, r-patched-solaris-x86, r-release-linux-x86_64, r-release-macos-arm64, r-release-macos-x86_64, r-release-windows-ix86+x86_64, r-oldrel-macos-x86_64, r-oldrel-windows-ix86+x86_64