CRAN Package Check Results for Package IntegratedMRF

Last updated on 2019-07-16 07:50:49 CEST.

Flavor Version Tinstall Tcheck Ttotal Status Flags
r-devel-linux-x86_64-debian-clang 1.1.9 17.78 42.75 60.53 NOTE
r-devel-linux-x86_64-debian-gcc 1.1.9 14.67 33.84 48.51 NOTE
r-devel-linux-x86_64-fedora-clang 1.1.9 80.40 NOTE
r-devel-linux-x86_64-fedora-gcc 1.1.9 75.93 NOTE
r-devel-windows-ix86+x86_64 1.1.9 51.00 138.00 189.00 OK
r-patched-linux-x86_64 1.1.9 18.08 41.91 59.99 OK
r-patched-solaris-x86 1.1.9 107.60 OK
r-release-linux-x86_64 1.1.9 19.51 41.86 61.37 OK
r-release-windows-ix86+x86_64 1.1.9 38.00 136.00 174.00 OK
r-release-osx-x86_64 1.1.9 OK
r-oldrel-windows-ix86+x86_64 1.1.9 46.00 137.00 183.00 OK
r-oldrel-osx-x86_64 1.1.9 OK

Check Details

Version: 1.1.9
Check: for non-standard things in the check directory
Result: NOTE
    Found the following files/directories:
     'Error_Estimation_Response_1.tiff' 'Error_Estimation_Response_2.tiff'
     'Error_Estimation_Response_3.tiff'
Flavors: r-devel-linux-x86_64-debian-clang, r-devel-linux-x86_64-debian-gcc, r-devel-linux-x86_64-fedora-clang, r-devel-linux-x86_64-fedora-gcc