CRAN Package Check Results for Package IntegratedMRF

Last updated on 2019-10-14 05:46:58 CEST.

Flavor Version Tinstall Tcheck Ttotal Status Flags
r-devel-linux-x86_64-debian-clang 1.1.9 23.28 42.30 65.58 NOTE
r-devel-linux-x86_64-debian-gcc 1.1.9 15.40 33.26 48.66 NOTE
r-devel-linux-x86_64-fedora-clang 1.1.9 83.69 NOTE
r-devel-linux-x86_64-fedora-gcc 1.1.9 78.80 NOTE
r-devel-windows-ix86+x86_64 1.1.9 35.00 95.00 130.00 OK
r-patched-linux-x86_64 1.1.9 16.58 40.84 57.42 OK
r-patched-solaris-x86 1.1.9 103.60 OK
r-release-linux-x86_64 1.1.9 16.08 40.88 56.96 OK
r-release-windows-ix86+x86_64 1.1.9 48.00 86.00 134.00 OK
r-release-osx-x86_64 1.1.9 OK
r-oldrel-windows-ix86+x86_64 1.1.9 34.00 107.00 141.00 OK
r-oldrel-osx-x86_64 1.1.9 OK

Check Details

Version: 1.1.9
Check: for non-standard things in the check directory
Result: NOTE
    Found the following files/directories:
     'Error_Estimation_Response_1.tiff' 'Error_Estimation_Response_2.tiff'
     'Error_Estimation_Response_3.tiff'
Flavors: r-devel-linux-x86_64-debian-clang, r-devel-linux-x86_64-debian-gcc, r-devel-linux-x86_64-fedora-clang, r-devel-linux-x86_64-fedora-gcc