CRAN Package Check Results for Package InterfaceqPCR

Last updated on 2021-10-16 19:52:21 CEST.

Flavor Version Tinstall Tcheck Ttotal Status Flags
r-devel-linux-x86_64-debian-clang 1.0 14.40 91.93 106.33 NOTE
r-devel-linux-x86_64-debian-gcc 1.0 10.72 70.01 80.73 NOTE
r-devel-linux-x86_64-fedora-clang 1.0 139.65 NOTE
r-devel-linux-x86_64-fedora-gcc 1.0 135.88 NOTE
r-devel-windows-x86_64 1.0 13.00 71.00 84.00 NOTE
r-devel-windows-x86_64-gcc10-UCRT 1.0 NOTE
r-patched-linux-x86_64 1.0 14.32 90.05 104.37 NOTE
r-patched-solaris-x86 1.0 167.70 NOTE
r-release-linux-x86_64 1.0 13.25 89.98 103.23 NOTE
r-release-macos-arm64 1.0 NOTE
r-release-macos-x86_64 1.0 NOTE
r-release-windows-ix86+x86_64 1.0 20.00 106.00 126.00 NOTE
r-oldrel-macos-x86_64 1.0 OK
r-oldrel-windows-ix86+x86_64 1.0 19.00 86.00 105.00 OK

Check Details

Version: 1.0
Check: LazyData
Result: NOTE
     'LazyData' is specified without a 'data' directory
Flavors: r-devel-linux-x86_64-debian-clang, r-devel-linux-x86_64-debian-gcc, r-devel-linux-x86_64-fedora-clang, r-devel-linux-x86_64-fedora-gcc, r-devel-windows-x86_64, r-devel-windows-x86_64-gcc10-UCRT, r-patched-linux-x86_64, r-patched-solaris-x86, r-release-linux-x86_64, r-release-macos-arm64, r-release-macos-x86_64, r-release-windows-ix86+x86_64