CRAN Package Check Results for Package InterfaceqPCR

Last updated on 2020-05-25 10:49:00 CEST.

Flavor Version Tinstall Tcheck Ttotal Status Flags
r-devel-linux-x86_64-debian-clang 1.0 14.35 85.21 99.56 OK
r-devel-linux-x86_64-debian-gcc 1.0 10.58 65.14 75.72 OK
r-devel-linux-x86_64-fedora-clang 1.0 126.87 OK
r-devel-linux-x86_64-fedora-gcc 1.0 115.99 OK
r-devel-windows-ix86+x86_64 1.0 25.00 102.00 127.00 ERROR
r-patched-linux-x86_64 1.0 14.38 85.73 100.11 OK
r-patched-solaris-x86 1.0 136.90 OK
r-release-linux-x86_64 1.0 13.39 84.69 98.08 OK
r-release-osx-x86_64 1.0 OK
r-release-windows-ix86+x86_64 1.0 18.00 108.00 126.00 OK
r-oldrel-osx-x86_64 1.0 FAIL
r-oldrel-windows-ix86+x86_64 1.0 17.00 104.00 121.00 OK

Check Details

Version: 1.0
Check: examples
Result: ERROR
    Running examples in 'InterfaceqPCR-Ex.R' failed
    The error most likely occurred in:
    
    > ### Name: InterfaceqPCR-package
    > ### Title: GUI to Analyse qPCR Results after PMA Treatment or not
    > ### Aliases: InterfaceqPCR-package InterfaceqPCR
    >
    > ### ** Examples
    >
    >
    > Start_qPCR()
Flavor: r-devel-windows-ix86+x86_64

Version: 1.0
Check: whether package can be installed
Result: FAIL
Flavor: r-oldrel-osx-x86_64