CRAN Package Check Results for Package InterfaceqPCR

Last updated on 2021-06-18 19:50:51 CEST.

Flavor Version Tinstall Tcheck Ttotal Status Flags
r-devel-linux-x86_64-debian-clang 1.0 14.37 92.68 107.05 NOTE
r-devel-linux-x86_64-debian-gcc 1.0 9.78 71.50 81.28 NOTE
r-devel-linux-x86_64-fedora-clang 1.0 133.92 NOTE
r-devel-linux-x86_64-fedora-gcc 1.0 124.59 NOTE
r-devel-windows-x86_64 1.0 14.00 72.00 86.00 NOTE
r-devel-windows-x86_64-gcc10-UCRT 1.0 NOTE
r-patched-linux-x86_64 1.0 13.75 91.87 105.62 NOTE
r-patched-solaris-x86 1.0 142.10 NOTE
r-release-linux-x86_64 1.0 13.63 90.65 104.28 NOTE
r-release-macos-arm64 1.0 NOTE
r-release-macos-x86_64 1.0 NOTE
r-release-windows-ix86+x86_64 1.0 20.00 87.00 107.00 NOTE
r-oldrel-macos-x86_64 1.0 OK
r-oldrel-windows-ix86+x86_64 1.0 13.00 90.00 103.00 OK

Check Details

Version: 1.0
Check: LazyData
Result: NOTE
     'LazyData' is specified without a 'data' directory
Flavors: r-devel-linux-x86_64-debian-clang, r-devel-linux-x86_64-debian-gcc, r-devel-linux-x86_64-fedora-clang, r-devel-linux-x86_64-fedora-gcc, r-devel-windows-x86_64, r-devel-windows-x86_64-gcc10-UCRT, r-patched-linux-x86_64, r-patched-solaris-x86, r-release-linux-x86_64, r-release-macos-arm64, r-release-macos-x86_64, r-release-windows-ix86+x86_64