CRAN Package Check Results for Package InterpretMSSpectrum

Last updated on 2021-11-28 02:48:50 CET.

Flavor Version Tinstall Tcheck Ttotal Status Flags
r-devel-linux-x86_64-debian-clang 1.2 OK
r-devel-linux-x86_64-debian-gcc 1.2 4.91 35.70 40.61 OK
r-devel-linux-x86_64-fedora-clang 1.2 74.52 OK
r-devel-linux-x86_64-fedora-gcc 1.2 63.31 OK
r-devel-windows-x86_64-new-UL 1.2 14.00 84.00 98.00 OK
r-devel-windows-x86_64-new-TK 1.2 OK
r-devel-windows-x86_64-old 1.2 7.00 72.00 79.00 OK
r-patched-linux-x86_64 1.2 5.82 45.07 50.89 OK
r-patched-solaris-x86 1.2 91.80 OK
r-release-linux-x86_64 1.2 OK
r-release-macos-arm64 1.2 OK
r-release-macos-x86_64 1.2 OK
r-release-windows-ix86+x86_64 1.2 12.00 54.00 66.00 OK
r-oldrel-macos-x86_64 1.2 ERROR
r-oldrel-windows-ix86+x86_64 1.2 10.00 64.00 74.00 OK

Check Details

Version: 1.2
Check: package dependencies
Result: ERROR
    Package required but not available: ‘Rdisop’
    
    See section ‘The DESCRIPTION file’ in the ‘Writing R Extensions’
    manual.
Flavor: r-oldrel-macos-x86_64