CRAN Package Check Results for Package IntervalSurgeon

Last updated on 2024-02-21 19:53:17 CET.

Flavor Version Tinstall Tcheck Ttotal Status Flags
r-devel-linux-x86_64-debian-clang 1.2 NOTE
r-devel-linux-x86_64-debian-gcc 1.2 15.45 25.79 41.24 NOTE
r-devel-linux-x86_64-fedora-clang 1.3 76.95 OK
r-devel-linux-x86_64-fedora-gcc 1.3 87.57 OK
r-devel-windows-x86_64 1.2 18.00 66.00 84.00 NOTE
r-patched-linux-x86_64 1.2 22.42 32.08 54.50 OK
r-release-linux-x86_64 1.2 22.14 32.55 54.69 OK
r-release-macos-arm64 1.2 44.00 OK
r-release-macos-x86_64 1.3 65.00 OK
r-release-windows-x86_64 1.2 21.00 72.00 93.00 OK
r-oldrel-macos-arm64 1.2 30.00 OK
r-oldrel-windows-x86_64 1.3 22.00 89.00 111.00 OK

Check Details

Version: 1.2
Check: Rd contents
Result: NOTE Auto-generated content requiring editing in Rd file 'IntervalSurgeon-package.Rd': \seealso: ‘Optional links to other man pages’ \examples: ‘## Optional simple examples of the most important functions ...’ Flavors: r-devel-linux-x86_64-debian-clang, r-devel-linux-x86_64-debian-gcc, r-devel-windows-x86_64