CRAN Package Check Results for Package InvStablePrior

Last updated on 2023-01-30 09:54:15 CET.

Flavor Version Tinstall Tcheck Ttotal Status Flags
r-devel-linux-x86_64-debian-clang 0.1.0 2.49 28.22 30.71 OK
r-devel-linux-x86_64-debian-gcc 0.1.0 1.94 21.88 23.82 OK
r-devel-linux-x86_64-fedora-clang 0.1.0 40.50 NOTE
r-devel-linux-x86_64-fedora-gcc 0.1.0 38.93 NOTE
r-devel-windows-x86_64 0.1.0 5.00 64.00 69.00 OK
r-patched-linux-x86_64 0.1.0 2.48 27.97 30.45 OK
r-release-linux-x86_64 0.1.0 1.90 28.17 30.07 OK
r-release-macos-arm64 0.1.0 15.00 NOTE
r-release-macos-x86_64 0.1.0 23.00 NOTE
r-release-windows-x86_64 0.1.0 11.00 64.00 75.00 OK
r-oldrel-macos-arm64 0.1.0 17.00 NOTE
r-oldrel-macos-x86_64 0.1.0 27.00 NOTE
r-oldrel-windows-ix86+x86_64 0.1.0 7.00 57.00 64.00 OK

Check Details

Version: 0.1.0
Check: dependencies in R code
Result: NOTE
    Namespaces in Imports field not imported from:
     ‘fdrtool’ ‘nimble’
     All declared Imports should be used.
Flavors: r-devel-linux-x86_64-fedora-clang, r-devel-linux-x86_64-fedora-gcc, r-release-macos-arm64, r-release-macos-x86_64, r-oldrel-macos-arm64, r-oldrel-macos-x86_64