CRAN Package Check Results for Package InvasionCorrection

Last updated on 2024-02-26 08:48:47 CET.

Flavor Version Tinstall Tcheck Ttotal Status Flags
r-devel-linux-x86_64-debian-clang 0.1 2.22 21.76 23.98 NOTE
r-devel-linux-x86_64-debian-gcc 0.1 1.74 16.73 18.47 NOTE
r-devel-linux-x86_64-fedora-clang 0.1 29.42 NOTE
r-devel-linux-x86_64-fedora-gcc 0.1 28.09 NOTE
r-devel-windows-x86_64 0.1 3.00 39.00 42.00 NOTE
r-patched-linux-x86_64 0.1 2.25 20.97 23.22 NOTE
r-release-linux-x86_64 0.1 2.07 21.32 23.39 NOTE
r-release-macos-arm64 0.1 18.00 NOTE
r-release-macos-x86_64 0.1 19.00 NOTE
r-release-windows-x86_64 0.1 3.00 37.00 40.00 NOTE
r-oldrel-macos-arm64 0.1 19.00 NOTE
r-oldrel-windows-x86_64 0.1 3.00 41.00 44.00 NOTE

Check Details

Version: 0.1
Check: LazyData
Result: NOTE 'LazyData' is specified without a 'data' directory Flavors: r-devel-linux-x86_64-debian-clang, r-devel-linux-x86_64-debian-gcc, r-devel-linux-x86_64-fedora-clang, r-devel-linux-x86_64-fedora-gcc, r-devel-windows-x86_64, r-patched-linux-x86_64, r-release-linux-x86_64, r-release-macos-arm64, r-release-macos-x86_64, r-release-windows-x86_64, r-oldrel-macos-arm64, r-oldrel-windows-x86_64