CRAN Package Check Results for Package InvasionCorrection

Last updated on 2022-10-06 18:49:52 CEST.

Flavor Version Tinstall Tcheck Ttotal Status Flags
r-devel-linux-x86_64-debian-clang 0.1 2.04 22.69 24.73 NOTE
r-devel-linux-x86_64-debian-gcc 0.1 1.65 17.82 19.47 NOTE
r-devel-linux-x86_64-fedora-clang 0.1 42.48 NOTE
r-devel-linux-x86_64-fedora-gcc 0.1 42.03 NOTE
r-devel-windows-x86_64 0.1 53.00 48.00 101.00 NOTE
r-patched-linux-x86_64 0.1 2.37 22.44 24.81 NOTE
r-release-linux-x86_64 0.1 1.71 21.28 22.99 NOTE
r-release-macos-arm64 0.1 16.00 NOTE
r-release-macos-x86_64 0.1 21.00 NOTE
r-release-windows-x86_64 0.1 20.00 46.00 66.00 NOTE
r-oldrel-macos-arm64 0.1 19.00 NOTE
r-oldrel-macos-x86_64 0.1 26.00 NOTE
r-oldrel-windows-ix86+x86_64 0.1 5.00 45.00 50.00 NOTE

Check Details

Version: 0.1
Check: LazyData
Result: NOTE
     'LazyData' is specified without a 'data' directory
Flavors: r-devel-linux-x86_64-debian-clang, r-devel-linux-x86_64-debian-gcc, r-devel-linux-x86_64-fedora-clang, r-devel-linux-x86_64-fedora-gcc, r-devel-windows-x86_64, r-patched-linux-x86_64, r-release-linux-x86_64, r-release-macos-arm64, r-release-macos-x86_64, r-release-windows-x86_64, r-oldrel-macos-arm64, r-oldrel-macos-x86_64, r-oldrel-windows-ix86+x86_64