CRAN Package Check Results for Package IsoplotR

Last updated on 2021-06-22 15:51:50 CEST.

Flavor Version Tinstall Tcheck Ttotal Status Flags
r-devel-linux-x86_64-debian-clang 4.0 20.17 123.41 143.58 OK
r-devel-linux-x86_64-debian-gcc 4.0 17.29 89.45 106.74 OK
r-devel-linux-x86_64-fedora-clang 4.0 181.24 NOTE
r-devel-linux-x86_64-fedora-gcc 4.0 173.59 NOTE
r-devel-windows-x86_64 4.0 31.00 128.00 159.00 OK
r-devel-windows-x86_64-gcc10-UCRT 4.0 NOTE
r-patched-linux-x86_64 4.0 20.00 118.94 138.94 OK
r-patched-solaris-x86 4.0 178.00 NOTE
r-release-linux-x86_64 4.0 20.33 118.26 138.59 OK
r-release-macos-arm64 4.0 NOTE
r-release-macos-x86_64 4.0 NOTE
r-release-windows-ix86+x86_64 4.0 34.00 130.00 164.00 OK
r-oldrel-macos-x86_64 4.0 NOTE

Check Details

Version: 4.0
Check: dependencies in R code
Result: NOTE
    Namespace in Imports field not imported from: ‘methods’
     All declared Imports should be used.
Flavors: r-devel-linux-x86_64-fedora-clang, r-devel-linux-x86_64-fedora-gcc, r-devel-windows-x86_64-gcc10-UCRT, r-patched-solaris-x86, r-release-macos-arm64, r-release-macos-x86_64, r-oldrel-macos-x86_64