CRAN Package Check Results for Package IsoriX

Last updated on 2019-09-21 19:46:56 CEST.

Flavor Version Tinstall Tcheck Ttotal Status Flags
r-devel-linux-x86_64-debian-clang 0.8.1 16.13 125.03 141.16 OK
r-devel-linux-x86_64-debian-gcc 0.8.1 14.70 100.06 114.76 OK
r-devel-linux-x86_64-fedora-clang 0.8.1 170.53 OK
r-devel-linux-x86_64-fedora-gcc 0.8.1 168.75 OK
r-devel-windows-ix86+x86_64 0.8.1 42.00 181.00 223.00 OK
r-patched-linux-x86_64 0.8.1 16.43 122.71 139.14 OK
r-patched-solaris-x86 0.8.1 244.70 OK
r-release-linux-x86_64 0.8.1 14.85 124.03 138.88 OK
r-release-windows-ix86+x86_64 0.8.1 24.00 129.00 153.00 OK
r-release-osx-x86_64 0.8.1 FAIL
r-oldrel-windows-ix86+x86_64 0.8.1 15.00 120.00 135.00 OK
r-oldrel-osx-x86_64 0.8.1 OK

Check Details

Version: 0.8.1
Check: dependencies in R code
Result: FAIL
    
Flavor: r-release-osx-x86_64