CRAN Package Check Results for Package IsoriX

Last updated on 2020-02-21 00:49:44 CET.

Flavor Version Tinstall Tcheck Ttotal Status Flags
r-devel-linux-x86_64-debian-clang 0.8.1 16.45 144.80 161.25 OK
r-devel-linux-x86_64-debian-gcc 0.8.1 15.34 109.99 125.33 OK
r-devel-linux-x86_64-fedora-clang 0.8.1 190.85 OK
r-devel-linux-x86_64-fedora-gcc 0.8.1 194.14 OK
r-devel-windows-ix86+x86_64 0.8.1 27.00 146.00 173.00 OK
r-devel-windows-ix86+x86_64-gcc8 0.8.1 46.00 206.00 252.00 OK
r-patched-linux-x86_64 0.8.1 16.19 126.05 142.24 OK
r-patched-solaris-x86 0.8.1 259.20 OK
r-release-linux-x86_64 0.8.1 12.57 126.04 138.61 OK
r-release-windows-ix86+x86_64 0.8.1 25.00 145.00 170.00 OK
r-release-osx-x86_64 0.8.1 FAIL
r-oldrel-windows-ix86+x86_64 0.8.1 18.00 135.00 153.00 OK
r-oldrel-osx-x86_64 0.8.1 OK

Check Details

Version: 0.8.1
Check: dependencies in R code
Result: FAIL
Flavor: r-release-osx-x86_64