CRAN Package Check Results for Package JGL

Last updated on 2023-12-02 21:39:58 CET.

Flavor Version Tinstall Tcheck Ttotal Status Flags
r-devel-linux-x86_64-debian-clang 2.3.1 5.39 44.22 49.61 NOTE
r-devel-linux-x86_64-debian-gcc 2.3.1 3.73 33.73 37.46 NOTE
r-devel-linux-x86_64-fedora-clang 2.3.1 61.10 NOTE
r-devel-linux-x86_64-fedora-gcc 2.3.1 58.85 NOTE
r-devel-windows-x86_64 2.3.1 5.00 55.00 60.00 NOTE
r-patched-linux-x86_64 2.3.1 4.05 43.10 47.15 NOTE
r-release-linux-x86_64 2.3.1 3.46 43.43 46.89 NOTE
r-release-macos-arm64 2.3.1 23.00 NOTE
r-release-macos-x86_64 2.3.1 34.00 NOTE
r-release-windows-x86_64 2.3.1 6.00 59.00 65.00 NOTE
r-oldrel-macos-arm64 2.3.1 27.00 OK
r-oldrel-macos-x86_64 2.3.1 28.00 OK
r-oldrel-windows-x86_64 2.3.1 7.00 65.00 72.00 OK

Additional issues

MKL

Check Details

Version: 2.3.1
Check: package subdirectories
Result: NOTE Problems with news in ‘NEWS.md’: No news entries found. Flavors: r-devel-linux-x86_64-debian-clang, r-devel-linux-x86_64-debian-gcc, r-devel-linux-x86_64-fedora-clang, r-devel-linux-x86_64-fedora-gcc, r-devel-windows-x86_64, r-patched-linux-x86_64, r-release-linux-x86_64, r-release-macos-arm64, r-release-macos-x86_64, r-release-windows-x86_64