CRAN Package Check Results for Package JGR

Last updated on 2020-12-05 23:47:48 CET.

Flavor Version Tinstall Tcheck Ttotal Status Flags
r-devel-linux-x86_64-debian-clang 1.8-7 5.37 39.43 44.80 OK
r-devel-linux-x86_64-debian-gcc 1.8-7 4.69 31.53 36.22 OK
r-devel-linux-x86_64-fedora-clang 1.8-7 68.21 OK
r-devel-linux-x86_64-fedora-gcc 1.8-7 52.84 OK
r-devel-windows-ix86+x86_64 1.8-7 11.00 57.00 68.00 OK
r-patched-linux-x86_64 1.8-7 5.71 38.11 43.82 OK
r-patched-solaris-x86 1.8-7 75.00 NOTE
r-release-linux-x86_64 1.8-7 5.74 37.25 42.99 OK
r-release-macos-x86_64 1.8-7 OK --install=fake
r-release-windows-ix86+x86_64 1.8-7 11.00 56.00 67.00 OK
r-oldrel-macos-x86_64 1.8-7 OK --install=fake
r-oldrel-windows-ix86+x86_64 1.8-7 5.00 6.00 11.00 ERROR

Check Details

Version: 1.8-7
Check: package dependencies
Result: NOTE
    Package suggested but not available for checking: ‘XLConnect’
Flavor: r-patched-solaris-x86

Version: 1.8-7
Check: whether package can be installed
Result: ERROR
    Installation failed.
Flavor: r-oldrel-windows-ix86+x86_64