CRAN Package Check Results for Package JMI

Last updated on 2022-08-18 12:54:03 CEST.

Flavor Version Tinstall Tcheck Ttotal Status Flags
r-devel-linux-x86_64-debian-clang 0.1.0 32.53 27.45 59.98 NOTE
r-devel-linux-x86_64-debian-gcc 0.1.0 27.28 21.32 48.60 NOTE
r-devel-linux-x86_64-fedora-clang 0.1.0 95.96 NOTE
r-devel-linux-x86_64-fedora-gcc 0.1.0 89.58 NOTE
r-devel-windows-x86_64 0.1.0 31.00 75.00 106.00 NOTE
r-patched-linux-x86_64 0.1.0 25.01 26.62 51.63 NOTE
r-release-linux-x86_64 0.1.0 26.66 26.09 52.75 NOTE
r-release-macos-arm64 0.1.0 25.00 NOTE
r-release-macos-x86_64 0.1.0 33.00 NOTE
r-release-windows-x86_64 0.1.0 32.00 81.00 113.00 NOTE
r-oldrel-macos-arm64 0.1.0 29.00 NOTE
r-oldrel-macos-x86_64 0.1.0 47.00 NOTE
r-oldrel-windows-ix86+x86_64 0.1.0 81.00 76.00 157.00 NOTE

Check Details

Version: 0.1.0
Check: LazyData
Result: NOTE
     'LazyData' is specified without a 'data' directory
Flavors: r-devel-linux-x86_64-debian-clang, r-devel-linux-x86_64-debian-gcc, r-devel-linux-x86_64-fedora-clang, r-devel-linux-x86_64-fedora-gcc, r-devel-windows-x86_64, r-patched-linux-x86_64, r-release-linux-x86_64, r-release-macos-arm64, r-release-macos-x86_64, r-release-windows-x86_64, r-oldrel-macos-arm64, r-oldrel-macos-x86_64, r-oldrel-windows-ix86+x86_64