CRAN Package Check Results for Package JMbayes2

Last updated on 2021-02-25 08:48:01 CET.

Flavor Version Tinstall Tcheck Ttotal Status Flags
r-devel-linux-x86_64-debian-clang 0.1-3 75.21 111.39 186.60 OK
r-devel-linux-x86_64-debian-gcc 0.1-3 62.92 83.80 146.72 OK
r-devel-linux-x86_64-fedora-clang 0.1-3 265.20 NOTE
r-devel-linux-x86_64-fedora-gcc 0.1-3 251.89 OK
r-devel-windows-ix86+x86_64 0.1-3 125.00 136.00 261.00 OK
r-patched-linux-x86_64 0.1-3 72.03 102.94 174.97 OK
r-patched-solaris-x86 0.1-3 261.90 OK
r-release-linux-x86_64 0.1-3 72.80 103.18 175.98 OK
r-release-macos-x86_64 0.1-3 NOTE
r-release-windows-ix86+x86_64 0.1-3 171.00 186.00 357.00 OK
r-oldrel-macos-x86_64 0.1-3 NOTE
r-oldrel-windows-ix86+x86_64 0.1-3 111.00 120.00 231.00 OK

Check Details

Version: 0.1-3
Check: installed package size
Result: NOTE
     installed size is 8.0Mb
     sub-directories of 1Mb or more:
     libs 7.5Mb
Flavors: r-devel-linux-x86_64-fedora-clang, r-release-macos-x86_64, r-oldrel-macos-x86_64