CRAN Package Check Results for Package JMdesign

Last updated on 2020-11-30 18:51:19 CET.

Flavor Version Tinstall Tcheck Ttotal Status Flags
r-devel-linux-x86_64-debian-clang 1.1 3.16 24.29 27.45 NOTE
r-devel-linux-x86_64-debian-gcc 1.1 2.43 20.19 22.62 NOTE
r-devel-linux-x86_64-fedora-clang 1.1 45.23 NOTE
r-devel-linux-x86_64-fedora-gcc 1.1 31.22 NOTE
r-devel-windows-ix86+x86_64 1.1 8.00 31.00 39.00 NOTE
r-patched-linux-x86_64 1.1 3.28 24.65 27.93 NOTE
r-patched-solaris-x86 1.1 50.30 NOTE
r-release-linux-x86_64 1.1 3.10 25.05 28.15 NOTE
r-release-macos-x86_64 1.1 NOTE
r-release-windows-ix86+x86_64 1.1 6.00 37.00 43.00 NOTE
r-oldrel-macos-x86_64 1.1 NOTE
r-oldrel-windows-ix86+x86_64 1.1 5.00 51.00 56.00 NOTE

Check Details

Version: 1.1
Check: R code for possible problems
Result: NOTE
    powerLongSurv: no visible global function definition for 'qnorm'
    powerLongSurv: no visible global function definition for 'pnorm'
    Undefined global functions or variables:
     pnorm qnorm
    Consider adding
     importFrom("stats", "pnorm", "qnorm")
    to your NAMESPACE file.
Flavors: r-devel-linux-x86_64-debian-clang, r-devel-linux-x86_64-debian-gcc, r-devel-linux-x86_64-fedora-clang, r-devel-linux-x86_64-fedora-gcc, r-devel-windows-ix86+x86_64, r-patched-linux-x86_64, r-patched-solaris-x86, r-release-linux-x86_64, r-release-macos-x86_64, r-release-windows-ix86+x86_64, r-oldrel-macos-x86_64, r-oldrel-windows-ix86+x86_64