CRAN Package Check Results for Package JOPS

Last updated on 2021-09-19 14:49:23 CEST.

Flavor Version Tinstall Tcheck Ttotal Status Flags
r-devel-linux-x86_64-debian-clang 0.1.15 12.69 134.55 147.24 OK
r-devel-linux-x86_64-debian-gcc 0.1.15 11.85 102.69 114.54 OK
r-devel-linux-x86_64-fedora-clang 0.1.15 186.59 NOTE
r-devel-linux-x86_64-fedora-gcc 0.1.15 173.49 NOTE
r-devel-windows-x86_64 0.1.15 15.00 136.00 151.00 OK
r-devel-windows-x86_64-gcc10-UCRT 0.1.15 ERROR
r-patched-linux-x86_64 0.1.15 18.50 126.77 145.27 OK
r-patched-solaris-x86 0.1.15 318.10 NOTE
r-release-linux-x86_64 0.1.15 12.11 126.57 138.68 OK
r-release-macos-arm64 0.1.15 NOTE
r-release-macos-x86_64 0.1.15 NOTE
r-release-windows-ix86+x86_64 0.1.15 31.00 175.00 206.00 OK
r-oldrel-macos-x86_64 0.1.15 NOTE
r-oldrel-windows-ix86+x86_64 0.1.15 30.00 137.00 167.00 OK

Check Details

Version: 0.1.15
Check: dependencies in R code
Result: NOTE
    Namespaces in Imports field not imported from:
     ‘MASS’ ‘boot’ ‘fds’ ‘rpart’
     All declared Imports should be used.
Flavors: r-devel-linux-x86_64-fedora-clang, r-devel-linux-x86_64-fedora-gcc, r-devel-windows-x86_64-gcc10-UCRT, r-patched-solaris-x86, r-release-macos-arm64, r-release-macos-x86_64, r-oldrel-macos-x86_64

Version: 0.1.15
Check: whether package can be installed
Result: WARN
    Found the following significant warnings:
     WARNING: installation-time patches will not be applied, could not get the patches index
Flavor: r-devel-windows-x86_64-gcc10-UCRT

Version: 0.1.15
Check: PDF version of manual
Result: WARN
    LaTeX errors when creating PDF version.
    This typically indicates Rd problems.
Flavor: r-devel-windows-x86_64-gcc10-UCRT

Version: 0.1.15
Check: PDF version of manual without hyperrefs or index
Result: ERROR
    Re-running with no redirection of stdout/stderr.
Flavor: r-devel-windows-x86_64-gcc10-UCRT