Last updated on 2023-02-06 03:54:35 CET.
Flavor | Version | Tinstall | Tcheck | Ttotal | Status | Flags |
---|---|---|---|---|---|---|
r-devel-linux-x86_64-debian-clang | 0.1-4 | 2.79 | 26.03 | 28.82 | OK | |
r-devel-linux-x86_64-debian-gcc | 0.1-4 | 3.33 | 20.43 | 23.76 | OK | |
r-devel-linux-x86_64-fedora-clang | 0.1-4 | 39.87 | NOTE | |||
r-devel-linux-x86_64-fedora-gcc | 0.1-4 | 38.34 | NOTE | |||
r-devel-windows-x86_64 | 0.1-4 | 13.00 | 59.00 | 72.00 | OK | |
r-patched-linux-x86_64 | 0.1-4 | 2.96 | 26.80 | 29.76 | OK | |
r-release-linux-x86_64 | 0.1-4 | 2.96 | 26.87 | 29.83 | OK | |
r-release-macos-arm64 | 0.1-4 | 19.00 | OK | |||
r-release-macos-x86_64 | 0.1-4 | 23.00 | OK | |||
r-release-windows-x86_64 | 0.1-4 | 14.00 | 60.00 | 74.00 | OK | |
r-oldrel-macos-arm64 | 0.1-4 | 23.00 | OK | |||
r-oldrel-macos-x86_64 | 0.1-4 | 30.00 | OK | |||
r-oldrel-windows-ix86+x86_64 | 0.1-4 | 12.00 | 60.00 | 72.00 | OK |
Version: 0.1-4
Check: compiled code
Result: NOTE
File ‘JRF/libs/JRF.so’:
Found no calls to: ‘R_registerRoutines’, ‘R_useDynamicSymbols’
It is good practice to register native routines and to disable symbol
search.
See ‘Writing portable packages’ in the ‘Writing R Extensions’ manual.
Flavors: r-devel-linux-x86_64-fedora-clang, r-devel-linux-x86_64-fedora-gcc