CRAN Package Check Results for Package JSconsole

Last updated on 2022-10-02 08:55:17 CEST.

Flavor Version Tinstall Tcheck Ttotal Status Flags
r-devel-linux-x86_64-debian-clang 0.1.0 2.75 28.32 31.07 NOTE
r-devel-linux-x86_64-debian-gcc 0.1.0 2.15 22.53 24.68 NOTE
r-devel-linux-x86_64-fedora-clang 0.1.0 50.45 NOTE
r-devel-linux-x86_64-fedora-gcc 0.1.0 51.56 NOTE
r-devel-windows-x86_64 0.1.0 18.00 52.00 70.00 NOTE
r-patched-linux-x86_64 0.1.0 2.90 27.98 30.88 NOTE
r-release-linux-x86_64 0.1.0 2.02 26.84 28.86 NOTE
r-release-macos-arm64 0.1.0 16.00 NOTE
r-release-macos-x86_64 0.1.0 22.00 NOTE
r-release-windows-x86_64 0.1.0 7.00 54.00 61.00 NOTE
r-oldrel-macos-arm64 0.1.0 18.00 NOTE
r-oldrel-macos-x86_64 0.1.0 28.00 NOTE
r-oldrel-windows-ix86+x86_64 0.1.0 10.00 61.00 71.00 NOTE

Check Details

Version: 0.1.0
Check: LazyData
Result: NOTE
     'LazyData' is specified without a 'data' directory
Flavors: r-devel-linux-x86_64-debian-clang, r-devel-linux-x86_64-debian-gcc, r-devel-linux-x86_64-fedora-clang, r-devel-linux-x86_64-fedora-gcc, r-devel-windows-x86_64, r-patched-linux-x86_64, r-release-linux-x86_64, r-release-macos-arm64, r-release-macos-x86_64, r-release-windows-x86_64, r-oldrel-macos-arm64, r-oldrel-macos-x86_64, r-oldrel-windows-ix86+x86_64