CRAN Package Check Results for Package JacobiEigen

Last updated on 2021-08-05 23:50:20 CEST.

Flavor Version Tinstall Tcheck Ttotal Status Flags
r-devel-linux-x86_64-debian-clang 0.3-4 21.12 35.15 56.27 OK
r-devel-linux-x86_64-debian-gcc 0.3-4 13.21 28.26 41.47 OK
r-devel-linux-x86_64-fedora-clang 0.3-4 81.53 OK
r-devel-linux-x86_64-fedora-gcc 0.3-4 67.05 OK
r-devel-windows-x86_64 0.3-4 27.00 68.00 95.00 OK
r-devel-windows-x86_64-gcc10-UCRT 0.3-4 WARN
r-patched-linux-x86_64 0.3-4 17.12 34.01 51.13 OK
r-patched-solaris-x86 0.3-4 82.20 OK
r-release-linux-x86_64 0.3-4 17.51 33.95 51.46 OK
r-release-macos-arm64 0.3-4 OK
r-release-macos-x86_64 0.3-4 OK
r-release-windows-ix86+x86_64 0.3-4 54.00 81.00 135.00 OK
r-oldrel-macos-x86_64 0.3-4 OK
r-oldrel-windows-ix86+x86_64 0.3-4 38.00 75.00 113.00 OK

Check Details

Version: 0.3-4
Check: package dependencies
Result: NOTE
    Packages suggested but not available for checking:
     'dplyr', 'tidyr', 'ggplot2'
Flavor: r-devel-windows-x86_64-gcc10-UCRT

Version: 0.3-4
Check: re-building of vignette outputs
Result: WARN
    Error(s) in re-building vignettes:
    --- re-building 'JacobiEigen.Rmd' using rmarkdown
    Quitting from lines 100-113 (JacobiEigen.Rmd)
    Error: processing vignette 'JacobiEigen.Rmd' failed with diagnostics:
    there is no package called 'dplyr'
    --- failed re-building 'JacobiEigen.Rmd'
    
    SUMMARY: processing the following file failed:
     'JacobiEigen.Rmd'
    
    Error: Vignette re-building failed.
    Execution halted
Flavor: r-devel-windows-x86_64-gcc10-UCRT