CRAN Package Check Results for Package Jaya

Last updated on 2020-03-30 09:51:31 CEST.

Flavor Version Tinstall Tcheck Ttotal Status Flags
r-devel-linux-x86_64-debian-clang 0.1.9 2.14 134.03 136.17 OK
r-devel-linux-x86_64-debian-gcc 0.1.9 1.60 97.78 99.38 OK
r-devel-linux-x86_64-fedora-clang 0.1.9 147.67 NOTE
r-devel-linux-x86_64-fedora-gcc 0.1.9 147.68 NOTE
r-devel-windows-ix86+x86_64 0.1.9 6.00 123.00 129.00 OK
r-devel-windows-ix86+x86_64-gcc8 0.1.9 5.00 134.00 139.00 OK
r-patched-linux-x86_64 0.1.9 1.95 128.68 130.63 OK
r-patched-solaris-x86 0.1.9 171.70 NOTE
r-release-linux-x86_64 0.1.9 1.38 111.76 113.14 OK
r-release-windows-ix86+x86_64 0.1.9 7.00 167.00 174.00 OK
r-release-osx-x86_64 0.1.9 NOTE
r-oldrel-windows-ix86+x86_64 0.1.9 4.00 165.00 169.00 OK
r-oldrel-osx-x86_64 0.1.9 NOTE

Check Details

Version: 0.1.9
Check: dependencies in R code
Result: NOTE
    Namespace in Imports field not imported from: ‘GA’
     All declared Imports should be used.
Flavors: r-devel-linux-x86_64-fedora-clang, r-devel-linux-x86_64-fedora-gcc, r-patched-solaris-x86, r-release-osx-x86_64, r-oldrel-osx-x86_64