CRAN Package Check Results for Package Jaya

Last updated on 2022-01-28 00:48:58 CET.

Flavor Version Tinstall Tcheck Ttotal Status Flags
r-devel-linux-x86_64-debian-clang 0.1.9 2.22 139.95 142.17 NOTE
r-devel-linux-x86_64-debian-gcc 0.1.9 1.84 103.03 104.87 NOTE
r-devel-linux-x86_64-fedora-clang 0.1.9 168.54 NOTE
r-devel-linux-x86_64-fedora-gcc 0.1.9 154.22 NOTE
r-devel-windows-x86_64-new-UL 0.1.9 16.00 167.00 183.00 NOTE
r-devel-windows-x86_64-new-TK 0.1.9 NOTE
r-patched-linux-x86_64 0.1.9 1.41 135.25 136.66 NOTE
r-release-linux-x86_64 0.1.9 1.97 133.57 135.54 NOTE
r-release-macos-arm64 0.1.9 NOTE
r-release-macos-x86_64 0.1.9 NOTE
r-release-windows-ix86+x86_64 0.1.9 5.00 162.00 167.00 NOTE
r-oldrel-macos-x86_64 0.1.9 NOTE
r-oldrel-windows-ix86+x86_64 0.1.9 5.00 158.00 163.00 OK

Check Details

Version: 0.1.9
Check: LazyData
Result: NOTE
     'LazyData' is specified without a 'data' directory
Flavors: r-devel-linux-x86_64-debian-clang, r-devel-linux-x86_64-debian-gcc, r-devel-linux-x86_64-fedora-clang, r-devel-linux-x86_64-fedora-gcc, r-devel-windows-x86_64-new-UL, r-devel-windows-x86_64-new-TK, r-patched-linux-x86_64, r-release-linux-x86_64, r-release-macos-arm64, r-release-macos-x86_64, r-release-windows-ix86+x86_64

Version: 0.1.9
Check: dependencies in R code
Result: NOTE
    Namespace in Imports field not imported from: ‘GA’
     All declared Imports should be used.
Flavors: r-devel-linux-x86_64-fedora-clang, r-devel-linux-x86_64-fedora-gcc, r-devel-windows-x86_64-new-TK, r-release-macos-arm64, r-release-macos-x86_64, r-oldrel-macos-x86_64