CRAN Package Check Results for Package Johnson

Last updated on 2021-01-19 06:51:04 CET.

Flavor Version Tinstall Tcheck Ttotal Status Flags
r-devel-linux-x86_64-debian-clang 1.4 2.47 23.84 26.31 NOTE
r-devel-linux-x86_64-debian-gcc 1.4 2.01 19.20 21.21 NOTE
r-devel-linux-x86_64-fedora-clang 1.4 42.37 NOTE
r-devel-linux-x86_64-fedora-gcc 1.4 32.28 NOTE
r-devel-windows-ix86+x86_64 1.4 6.00 27.00 33.00 NOTE
r-patched-linux-x86_64 1.4 2.41 23.26 25.67 NOTE
r-patched-solaris-x86 1.4 46.80 NOTE
r-release-linux-x86_64 1.4 2.39 23.73 26.12 NOTE
r-release-macos-x86_64 1.4 NOTE
r-release-windows-ix86+x86_64 1.4 6.00 34.00 40.00 NOTE
r-oldrel-macos-x86_64 1.4 NOTE
r-oldrel-windows-ix86+x86_64 1.4 5.00 49.00 54.00 NOTE

Check Details

Version: 1.4
Check: R code for possible problems
Result: NOTE
    RE.ADT: no visible global function definition for 'sd'
    RE.ADT: no visible global function definition for 'pnorm'
    RE.Johnson: no visible global function definition for 'pnorm'
    Undefined global functions or variables:
     pnorm sd
    Consider adding
     importFrom("stats", "pnorm", "sd")
    to your NAMESPACE file.
Flavors: r-devel-linux-x86_64-debian-clang, r-devel-linux-x86_64-debian-gcc, r-devel-linux-x86_64-fedora-clang, r-devel-linux-x86_64-fedora-gcc, r-devel-windows-ix86+x86_64, r-patched-linux-x86_64, r-patched-solaris-x86, r-release-linux-x86_64, r-release-macos-x86_64, r-release-windows-ix86+x86_64, r-oldrel-macos-x86_64, r-oldrel-windows-ix86+x86_64