CRAN Package Check Results for Package JointAI

Last updated on 2019-03-24 18:49:29 CET.

Flavor Version Tinstall Tcheck Ttotal Status Flags
r-devel-linux-x86_64-debian-clang 0.5.0 10.95 319.51 330.46 WARN
r-devel-linux-x86_64-debian-gcc 0.5.0 8.29 253.79 262.08 OK
r-devel-linux-x86_64-fedora-clang 0.5.0 410.69 OK
r-devel-linux-x86_64-fedora-gcc 0.5.0 451.85 OK
r-devel-windows-ix86+x86_64 0.5.0 22.00 306.00 328.00 OK
r-patched-linux-x86_64 0.5.0 9.30 309.80 319.10 OK
r-patched-solaris-x86 0.5.0 903.20 OK
r-release-linux-x86_64 0.5.0 7.82 308.33 316.15 OK
r-release-windows-ix86+x86_64 0.5.0 12.00 261.00 273.00 OK
r-release-osx-x86_64 0.5.0 OK
r-oldrel-windows-ix86+x86_64 0.5.0 5.00 322.00 327.00 OK
r-oldrel-osx-x86_64 0.5.0 OK

Check Details

Version: 0.5.0
Check: whether package can be installed
Result: WARN
    Found the following significant warnings:
     Warning: unable to re-encode 'JointAI.R' line 111
Flavor: r-devel-linux-x86_64-debian-clang