CRAN Package Check Results for Package JointNets

Last updated on 2020-04-08 11:48:11 CEST.

Flavor Version Tinstall Tcheck Ttotal Status Flags
r-devel-linux-x86_64-debian-clang 2.0.1 8.77 83.82 92.59 OK
r-devel-linux-x86_64-debian-gcc 2.0.1 7.92 65.58 73.50 OK
r-devel-linux-x86_64-fedora-clang 2.0.1 111.85 OK
r-devel-linux-x86_64-fedora-gcc 2.0.1 116.12 OK
r-devel-windows-ix86+x86_64 2.0.1 20.00 142.00 162.00 OK
r-devel-windows-ix86+x86_64-gcc8 2.0.1 21.00 99.00 120.00 OK
r-patched-linux-x86_64 2.0.1 9.45 83.79 93.24 OK
r-patched-solaris-x86 2.0.1 167.20 OK
r-release-linux-x86_64 2.0.1 7.01 77.63 84.64 NOTE
r-release-windows-ix86+x86_64 2.0.1 18.00 137.00 155.00 OK
r-release-osx-x86_64 2.0.1 OK
r-oldrel-windows-ix86+x86_64 2.0.1 17.00 124.00 141.00 OK
r-oldrel-osx-x86_64 2.0.1 OK

Check Details

Version: 2.0.1
Check: DESCRIPTION meta-information
Result: NOTE
    Dependence on R version ‘3.4.4’ not with patchlevel 0
Flavor: r-release-linux-x86_64