CRAN Package Check Results for Package JointNets

Last updated on 2019-09-22 22:46:49 CEST.

Flavor Version Tinstall Tcheck Ttotal Status Flags
r-devel-linux-x86_64-debian-clang 2.0.1 8.46 73.10 81.56 OK
r-devel-linux-x86_64-debian-gcc 2.0.1 7.15 57.61 64.76 OK
r-devel-linux-x86_64-fedora-clang 2.0.1 97.84 OK
r-devel-linux-x86_64-fedora-gcc 2.0.1 97.71 OK
r-devel-windows-ix86+x86_64 2.0.1 20.00 129.00 149.00 OK
r-patched-linux-x86_64 2.0.1 8.63 73.92 82.55 NOTE
r-patched-solaris-x86 2.0.1 151.20 OK
r-release-linux-x86_64 2.0.1 7.30 73.39 80.69 NOTE
r-release-windows-ix86+x86_64 2.0.1 36.00 153.00 189.00 OK
r-release-osx-x86_64 2.0.1 OK
r-oldrel-windows-ix86+x86_64 2.0.1 11.00 96.00 107.00 OK
r-oldrel-osx-x86_64 2.0.1 OK

Check Details

Version: 2.0.1
Check: DESCRIPTION meta-information
Result: NOTE
    Dependence on R version ‘3.4.4’ not with patchlevel 0
Flavors: r-patched-linux-x86_64, r-release-linux-x86_64