CRAN Package Check Results for Package JointNets

Last updated on 2019-11-22 11:49:39 CET.

Flavor Version Tinstall Tcheck Ttotal Status Flags
r-devel-linux-x86_64-debian-clang 2.0.1 OK
r-devel-linux-x86_64-debian-gcc 2.0.1 8.52 62.04 70.56 OK
r-devel-linux-x86_64-fedora-clang 2.0.1 104.45 OK
r-devel-linux-x86_64-fedora-gcc 2.0.1 101.63 OK
r-devel-windows-ix86+x86_64 2.0.1 37.00 106.00 143.00 OK
r-devel-windows-ix86+x86_64-gcc8 2.0.1 21.00 99.00 120.00 OK
r-patched-linux-x86_64 2.0.1 8.28 74.16 82.44 NOTE
r-patched-solaris-x86 2.0.1 147.10 OK
r-release-linux-x86_64 2.0.1 8.55 74.39 82.94 NOTE
r-release-windows-ix86+x86_64 2.0.1 30.00 105.00 135.00 OK
r-release-osx-x86_64 2.0.1 OK
r-oldrel-windows-ix86+x86_64 2.0.1 11.00 95.00 106.00 OK
r-oldrel-osx-x86_64 2.0.1 OK

Check Details

Version: 2.0.1
Check: DESCRIPTION meta-information
Result: NOTE
    Dependence on R version ‘3.4.4’ not with patchlevel 0
Flavors: r-patched-linux-x86_64, r-release-linux-x86_64