CRAN Package Check Results for Package JuniperKernel

Last updated on 2019-05-25 05:46:46 CEST.

Flavor Version Tinstall Tcheck Ttotal Status Flags
r-devel-linux-x86_64-debian-clang 1.4.1.0 33.17 26.73 59.90 NOTE
r-devel-linux-x86_64-debian-gcc 1.4.1.0 27.78 21.50 49.28 NOTE
r-devel-linux-x86_64-fedora-clang 1.4.1.0 86.84 NOTE
r-devel-linux-x86_64-fedora-gcc 1.4.1.0 76.67 NOTE
r-devel-windows-ix86+x86_64 1.4.1.0 111.00 64.00 175.00 NOTE
r-patched-linux-x86_64 1.4.1.0 NOTE
r-patched-solaris-x86 1.4.1.0 90.20 NOTE
r-release-linux-x86_64 1.4.1.0 32.77 26.28 59.05 NOTE
r-release-windows-ix86+x86_64 1.4.1.0 190.00 66.00 256.00 NOTE
r-release-osx-x86_64 1.4.1.0 NOTE
r-oldrel-windows-ix86+x86_64 1.4.1.0 169.00 77.00 246.00 OK
r-oldrel-osx-x86_64 1.4.1.0 OK

Check Details

Version: 1.4.1.0
Check: line endings in C/C++/Fortran sources/headers
Result: NOTE
    Found the following sources/headers not terminated with a newline:
     inst/include/jclient/control.h
     inst/include/jclient/hb.h
     inst/include/jclient/iomsg.h
     inst/include/jclient/shell.h
     inst/include/jclient/stdin.h
     inst/include/xtl/xvariant_impl.hpp
    Some compilers warn on such files.
Flavors: r-devel-linux-x86_64-debian-clang, r-devel-linux-x86_64-debian-gcc, r-devel-linux-x86_64-fedora-clang, r-devel-linux-x86_64-fedora-gcc, r-devel-windows-ix86+x86_64, r-patched-linux-x86_64, r-patched-solaris-x86, r-release-linux-x86_64, r-release-windows-ix86+x86_64, r-release-osx-x86_64

Version: 1.4.1.0
Check: installed package size
Result: NOTE
     installed size is 5.6Mb
     sub-directories of 1Mb or more:
     include 1.2Mb
     libs 4.3Mb
Flavor: r-devel-linux-x86_64-fedora-clang