CRAN Package Check Results for Package JuniperKernel

Last updated on 2019-08-18 00:46:14 CEST.

Flavor Version Tinstall Tcheck Ttotal Status Flags
r-devel-linux-x86_64-debian-clang 1.4.1.0 31.35 26.71 58.06 NOTE
r-devel-linux-x86_64-debian-gcc 1.4.1.0 31.72 21.34 53.06 NOTE
r-devel-linux-x86_64-fedora-clang 1.4.1.0 88.59 NOTE
r-devel-linux-x86_64-fedora-gcc 1.4.1.0 84.29 NOTE
r-devel-windows-ix86+x86_64 1.4.1.0 192.00 89.00 281.00 NOTE
r-patched-linux-x86_64 1.4.1.0 32.26 26.55 58.81 NOTE
r-patched-solaris-x86 1.4.1.0 94.50 NOTE
r-release-linux-x86_64 1.4.1.0 32.96 26.40 59.36 NOTE
r-release-windows-ix86+x86_64 1.4.1.0 239.00 95.00 334.00 NOTE
r-release-osx-x86_64 1.4.1.0 NOTE
r-oldrel-windows-ix86+x86_64 1.4.1.0 192.00 75.00 267.00 OK
r-oldrel-osx-x86_64 1.4.1.0 OK

Check Details

Version: 1.4.1.0
Check: line endings in C/C++/Fortran sources/headers
Result: NOTE
    Found the following sources/headers not terminated with a newline:
     inst/include/jclient/control.h
     inst/include/jclient/hb.h
     inst/include/jclient/iomsg.h
     inst/include/jclient/shell.h
     inst/include/jclient/stdin.h
     inst/include/xtl/xvariant_impl.hpp
    Some compilers warn on such files.
Flavors: r-devel-linux-x86_64-debian-clang, r-devel-linux-x86_64-debian-gcc, r-devel-linux-x86_64-fedora-clang, r-devel-linux-x86_64-fedora-gcc, r-devel-windows-ix86+x86_64, r-patched-linux-x86_64, r-patched-solaris-x86, r-release-linux-x86_64, r-release-windows-ix86+x86_64, r-release-osx-x86_64

Version: 1.4.1.0
Check: installed package size
Result: NOTE
     installed size is 6.0Mb
     sub-directories of 1Mb or more:
     include 1.2Mb
     libs 4.6Mb
Flavor: r-devel-linux-x86_64-fedora-clang