CRAN Package Check Results for Package KMDA

Last updated on 2020-06-01 04:47:00 CEST.

Flavor Version Tinstall Tcheck Ttotal Status Flags
r-devel-linux-x86_64-debian-clang 1.0 2.31 23.35 25.66 NOTE
r-devel-linux-x86_64-debian-gcc 1.0 1.68 17.85 19.53 NOTE
r-devel-linux-x86_64-fedora-clang 1.0 38.99 NOTE
r-devel-linux-x86_64-fedora-gcc 1.0 30.06 NOTE
r-devel-windows-ix86+x86_64 1.0 6.00 44.00 50.00 NOTE
r-patched-linux-x86_64 1.0 1.77 25.07 26.84 NOTE
r-patched-solaris-x86 1.0 51.50 NOTE
r-release-linux-x86_64 1.0 2.32 24.98 27.30 NOTE
r-release-osx-x86_64 1.0 NOTE
r-release-windows-ix86+x86_64 1.0 5.00 31.00 36.00 NOTE
r-oldrel-osx-x86_64 1.0 NOTE
r-oldrel-windows-ix86+x86_64 1.0 4.00 52.00 56.00 NOTE

Check Details

Version: 1.0
Check: R code for possible problems
Result: NOTE
    dscore: no visible global function definition for 'glm'
    dscore: no visible binding for global variable 'binomial'
    dscore: no visible global function definition for 'pnorm'
    pearson.group: no visible global function definition for 'cor'
    spearman.group: no visible global function definition for 'cor'
    sscore: no visible global function definition for 'glm'
    sscore: no visible binding for global variable 'binomial'
    sscore: no visible global function definition for 'pnorm'
    Undefined global functions or variables:
     binomial cor glm pnorm
    Consider adding
     importFrom("stats", "binomial", "cor", "glm", "pnorm")
    to your NAMESPACE file.
Flavors: r-devel-linux-x86_64-debian-clang, r-devel-linux-x86_64-debian-gcc, r-devel-linux-x86_64-fedora-clang, r-devel-linux-x86_64-fedora-gcc, r-devel-windows-ix86+x86_64, r-patched-linux-x86_64, r-patched-solaris-x86, r-release-linux-x86_64, r-release-osx-x86_64, r-release-windows-ix86+x86_64, r-oldrel-osx-x86_64, r-oldrel-windows-ix86+x86_64