CRAN Package Check Results for Package KODAMA

Last updated on 2019-11-13 12:47:00 CET.

Flavor Version Tinstall Tcheck Ttotal Status Flags
r-devel-linux-x86_64-debian-clang 1.5 62.51 51.75 114.26 WARN
r-devel-linux-x86_64-debian-gcc 1.5 44.53 39.98 84.51 WARN
r-devel-linux-x86_64-fedora-clang 1.5 172.90 NOTE
r-devel-linux-x86_64-fedora-gcc 1.5 145.60 WARN
r-devel-windows-ix86+x86_64 1.5 135.00 95.00 230.00 OK
r-patched-linux-x86_64 1.5 48.58 50.62 99.20 OK
r-patched-solaris-x86 1.5 156.50 OK
r-release-linux-x86_64 1.5 51.23 50.45 101.68 OK
r-release-windows-ix86+x86_64 1.5 143.00 117.00 260.00 OK
r-release-osx-x86_64 1.5 NOTE
r-oldrel-windows-ix86+x86_64 1.5 106.00 91.00 197.00 OK
r-oldrel-osx-x86_64 1.5 NOTE

Check Details

Version: 1.5
Check: whether package can be installed
Result: WARN
    Found the following significant warnings:
     svm.cpp:2788:3: warning: ignoring return value of function declared with 'warn_unused_result' attribute [-Wunused-result]
     svm.cpp:2792:4: warning: ignoring return value of function declared with 'warn_unused_result' attribute [-Wunused-result]
     svm.cpp:2817:4: warning: ignoring return value of function declared with 'warn_unused_result' attribute [-Wunused-result]
     svm.cpp:2841:4: warning: ignoring return value of function declared with 'warn_unused_result' attribute [-Wunused-result]
     svm.cpp:2843:4: warning: ignoring return value of function declared with 'warn_unused_result' attribute [-Wunused-result]
     svm.cpp:2845:4: warning: ignoring return value of function declared with 'warn_unused_result' attribute [-Wunused-result]
     svm.cpp:2847:4: warning: ignoring return value of function declared with 'warn_unused_result' attribute [-Wunused-result]
     svm.cpp:2849:4: warning: ignoring return value of function declared with 'warn_unused_result' attribute [-Wunused-result]
     svm.cpp:2855:5: warning: ignoring return value of function declared with 'warn_unused_result' attribute [-Wunused-result]
     svm.cpp:2862:5: warning: ignoring return value of function declared with 'warn_unused_result' attribute [-Wunused-result]
     svm.cpp:2869:5: warning: ignoring return value of function declared with 'warn_unused_result' attribute [-Wunused-result]
     svm.cpp:2876:5: warning: ignoring return value of function declared with 'warn_unused_result' attribute [-Wunused-result]
     svm.cpp:2883:5: warning: ignoring return value of function declared with 'warn_unused_result' attribute [-Wunused-result]
Flavor: r-devel-linux-x86_64-debian-clang

Version: 1.5
Check: for non-standard things in the check directory
Result: NOTE
    Found the following files/directories:
     'dinisurface.pdf' 'helicoid.pdf' 'spirals.pdf' 'swissroll.pdf'
Flavors: r-devel-linux-x86_64-debian-clang, r-devel-linux-x86_64-debian-gcc, r-devel-linux-x86_64-fedora-clang, r-devel-linux-x86_64-fedora-gcc

Version: 1.5
Check: whether package can be installed
Result: WARN
    Found the following significant warnings:
     svm.cpp:2788:9: warning: ignoring return value of ‘int fscanf(FILE*, const char*, ...)’, declared with attribute warn_unused_result [-Wunused-result]
     svm.cpp:2792:10: warning: ignoring return value of ‘int fscanf(FILE*, const char*, ...)’, declared with attribute warn_unused_result [-Wunused-result]
     svm.cpp:2817:10: warning: ignoring return value of ‘int fscanf(FILE*, const char*, ...)’, declared with attribute warn_unused_result [-Wunused-result]
     svm.cpp:2841:10: warning: ignoring return value of ‘int fscanf(FILE*, const char*, ...)’, declared with attribute warn_unused_result [-Wunused-result]
     svm.cpp:2843:10: warning: ignoring return value of ‘int fscanf(FILE*, const char*, ...)’, declared with attribute warn_unused_result [-Wunused-result]
     svm.cpp:2845:10: warning: ignoring return value of ‘int fscanf(FILE*, const char*, ...)’, declared with attribute warn_unused_result [-Wunused-result]
     svm.cpp:2847:10: warning: ignoring return value of ‘int fscanf(FILE*, const char*, ...)’, declared with attribute warn_unused_result [-Wunused-result]
     svm.cpp:2849:10: warning: ignoring return value of ‘int fscanf(FILE*, const char*, ...)’, declared with attribute warn_unused_result [-Wunused-result]
     svm.cpp:2855:11: warning: ignoring return value of ‘int fscanf(FILE*, const char*, ...)’, declared with attribute warn_unused_result [-Wunused-result]
     svm.cpp:2862:11: warning: ignoring return value of ‘int fscanf(FILE*, const char*, ...)’, declared with attribute warn_unused_result [-Wunused-result]
     svm.cpp:2869:11: warning: ignoring return value of ‘int fscanf(FILE*, const char*, ...)’, declared with attribute warn_unused_result [-Wunused-result]
     svm.cpp:2876:11: warning: ignoring return value of ‘int fscanf(FILE*, const char*, ...)’, declared with attribute warn_unused_result [-Wunused-result]
     svm.cpp:2883:11: warning: ignoring return value of ‘int fscanf(FILE*, const char*, ...)’, declared with attribute warn_unused_result [-Wunused-result]
Flavors: r-devel-linux-x86_64-debian-gcc, r-devel-linux-x86_64-fedora-gcc

Version: 1.5
Check: installed package size
Result: NOTE
     installed size is 7.2Mb
     sub-directories of 1Mb or more:
     data 1.6Mb
     libs 4.4Mb
Flavors: r-devel-linux-x86_64-fedora-clang, r-release-osx-x86_64, r-oldrel-osx-x86_64