CRAN Package Check Results for Package KODAMA

Last updated on 2019-07-23 08:49:33 CEST.

Flavor Version Tinstall Tcheck Ttotal Status Flags
r-devel-linux-x86_64-debian-clang 1.5 53.80 51.51 105.31 NOTE
r-devel-linux-x86_64-debian-gcc 1.5 42.33 40.64 82.97 NOTE
r-devel-linux-x86_64-fedora-clang 1.5 149.71 NOTE
r-devel-linux-x86_64-fedora-gcc 1.5 141.58 NOTE
r-devel-windows-ix86+x86_64 1.5 96.00 95.00 191.00 OK
r-patched-linux-x86_64 1.5 48.01 51.26 99.27 OK
r-patched-solaris-x86 1.5 161.30 OK
r-release-linux-x86_64 1.5 48.26 50.47 98.73 OK
r-release-windows-ix86+x86_64 1.5 112.00 86.00 198.00 OK
r-release-osx-x86_64 1.5 NOTE
r-oldrel-windows-ix86+x86_64 1.5 137.00 116.00 253.00 OK
r-oldrel-osx-x86_64 1.5 NOTE

Check Details

Version: 1.5
Check: for non-standard things in the check directory
Result: NOTE
    Found the following files/directories:
     'dinisurface.pdf' 'helicoid.pdf' 'spirals.pdf' 'swissroll.pdf'
Flavors: r-devel-linux-x86_64-debian-clang, r-devel-linux-x86_64-debian-gcc, r-devel-linux-x86_64-fedora-clang, r-devel-linux-x86_64-fedora-gcc

Version: 1.5
Check: installed package size
Result: NOTE
     installed size is 6.7Mb
     sub-directories of 1Mb or more:
     data 1.6Mb
     libs 3.9Mb
Flavors: r-devel-linux-x86_64-fedora-clang, r-release-osx-x86_64, r-oldrel-osx-x86_64