CRAN Package Check Results for Package KODAMA

Last updated on 2022-07-05 05:52:54 CEST.

Flavor Version Tinstall Tcheck Ttotal Status Flags
r-devel-linux-x86_64-debian-clang 1.9 63.96 57.04 121.00 OK
r-devel-linux-x86_64-debian-gcc 1.9 49.01 44.15 93.16 OK
r-devel-linux-x86_64-fedora-clang 2.0 192.76 NOTE
r-devel-linux-x86_64-fedora-gcc 2.0 162.96 OK
r-devel-windows-x86_64 1.9 93.00 181.00 274.00 OK
r-patched-linux-x86_64 1.9 52.11 55.10 107.21 OK
r-release-linux-x86_64 1.9 50.09 54.96 105.05 OK
r-release-macos-arm64 2.0 47.00 NOTE
r-release-macos-x86_64 1.9 60.00 NOTE
r-release-windows-x86_64 2.0 128.00 143.00 271.00 OK
r-oldrel-macos-arm64 2.0 49.00 NOTE
r-oldrel-macos-x86_64 1.9 59.00 NOTE
r-oldrel-windows-ix86+x86_64 2.0 145.00 120.00 265.00 NOTE

Check Details

Version: 2.0
Check: installed package size
Result: NOTE
     installed size is 5.6Mb
     sub-directories of 1Mb or more:
     data 1.6Mb
     libs 2.8Mb
Flavors: r-devel-linux-x86_64-fedora-clang, r-release-macos-arm64, r-oldrel-macos-arm64, r-oldrel-windows-ix86+x86_64

Version: 1.9
Check: installed package size
Result: NOTE
     installed size is 6.8Mb
     sub-directories of 1Mb or more:
     data 1.6Mb
     libs 4.1Mb
Flavors: r-release-macos-x86_64, r-oldrel-macos-x86_64