CRAN Package Check Results for Package KRLS

Last updated on 2020-10-01 03:48:40 CEST.

Flavor Version Tinstall Tcheck Ttotal Status Flags
r-devel-linux-x86_64-debian-clang 1.0-0 2.14 25.36 27.50 OK
r-devel-linux-x86_64-debian-gcc 1.0-0 0.21 2.02 2.23 ERROR
r-devel-linux-x86_64-fedora-clang 1.0-0 42.59 OK
r-devel-linux-x86_64-fedora-gcc 1.0-0 34.74 OK
r-devel-windows-ix86+x86_64 1.0-0 6.00 41.00 47.00 OK
r-patched-linux-x86_64 1.0-0 2.62 24.64 27.26 OK
r-patched-solaris-x86 1.0-0 51.50 OK
r-release-linux-x86_64 1.0-0 2.89 24.60 27.49 OK
r-release-macos-x86_64 1.0-0 OK
r-release-windows-ix86+x86_64 1.0-0 17.00 37.00 54.00 OK
r-oldrel-macos-x86_64 1.0-0 OK
r-oldrel-windows-ix86+x86_64 1.0-0 5.00 37.00 42.00 OK

Check Details

Version: 1.0-0
Check: whether package can be installed
Result: ERROR
    Installation failed.
Flavor: r-devel-linux-x86_64-debian-gcc