CRAN Package Check Results for Package KSD

Last updated on 2022-08-13 00:51:02 CEST.

Flavor Version Tinstall Tcheck Ttotal Status Flags
r-devel-linux-x86_64-debian-clang 1.0.1 2.15 27.87 30.02 NOTE
r-devel-linux-x86_64-debian-gcc 1.0.1 2.39 21.43 23.82 NOTE
r-devel-linux-x86_64-fedora-clang 1.0.1 47.08 NOTE
r-devel-linux-x86_64-fedora-gcc 1.0.1 46.46 NOTE
r-devel-windows-x86_64 1.0.1 10.00 55.00 65.00 NOTE
r-patched-linux-x86_64 1.0.1 3.26 26.33 29.59 NOTE
r-release-linux-x86_64 1.0.1 3.07 26.76 29.83 NOTE
r-release-macos-arm64 1.0.1 17.00 NOTE
r-release-macos-x86_64 1.0.1 23.00 NOTE
r-release-windows-x86_64 1.0.1 9.00 51.00 60.00 NOTE
r-oldrel-macos-arm64 1.0.1 22.00 NOTE
r-oldrel-macos-x86_64 1.0.1 27.00 NOTE
r-oldrel-windows-ix86+x86_64 1.0.1 7.00 47.00 54.00 NOTE

Check Details

Version: 1.0.1
Check: LazyData
Result: NOTE
     'LazyData' is specified without a 'data' directory
Flavors: r-devel-linux-x86_64-debian-clang, r-devel-linux-x86_64-debian-gcc, r-devel-linux-x86_64-fedora-clang, r-devel-linux-x86_64-fedora-gcc, r-devel-windows-x86_64, r-patched-linux-x86_64, r-release-linux-x86_64, r-release-macos-arm64, r-release-macos-x86_64, r-release-windows-x86_64, r-oldrel-macos-arm64, r-oldrel-macos-x86_64, r-oldrel-windows-ix86+x86_64