Last updated on 2022-08-11 10:51:58 CEST.
Flavor | Version | Tinstall | Tcheck | Ttotal | Status | Flags |
---|---|---|---|---|---|---|
r-devel-linux-x86_64-debian-clang | 0.99.0 | 3.73 | 34.92 | 38.65 | NOTE | |
r-devel-linux-x86_64-debian-gcc | 0.99.0 | 2.78 | 26.57 | 29.35 | NOTE | |
r-devel-linux-x86_64-fedora-clang | 0.99.0 | 56.60 | NOTE | |||
r-devel-linux-x86_64-fedora-gcc | 0.99.0 | 55.16 | NOTE | |||
r-devel-windows-x86_64 | 0.99.0 | 14.00 | 60.00 | 74.00 | OK | |
r-patched-linux-x86_64 | 0.99.0 | 3.29 | 32.88 | 36.17 | NOTE | |
r-release-linux-x86_64 | 0.99.0 | NOTE | ||||
r-release-macos-arm64 | 0.99.0 | 19.00 | OK | |||
r-release-macos-x86_64 | 0.99.0 | 29.00 | OK | |||
r-release-windows-x86_64 | 0.99.0 | 14.00 | 62.00 | 76.00 | OK | |
r-oldrel-macos-arm64 | 0.99.0 | 25.00 | OK | |||
r-oldrel-macos-x86_64 | 0.99.0 | 34.00 | OK | |||
r-oldrel-windows-ix86+x86_64 | 0.99.0 | 7.00 | 53.00 | 60.00 | OK |
Version: 0.99.0
Check: for non-standard things in the check directory
Result: NOTE
Found the following files/directories:
'KSEA Bar Plot.tiff' 'KSEA Kinase Scores.csv'
'KSEA.Merged.Heatmap.png' 'Kinase-Substrate Links.csv'
Flavors: r-devel-linux-x86_64-debian-clang, r-devel-linux-x86_64-debian-gcc, r-devel-linux-x86_64-fedora-clang, r-devel-linux-x86_64-fedora-gcc, r-patched-linux-x86_64, r-release-linux-x86_64