CRAN Package Check Results for Package KSEAapp

Last updated on 2020-09-25 06:50:01 CEST.

Flavor Version Tinstall Tcheck Ttotal Status Flags
r-devel-linux-x86_64-debian-clang 0.99.0 3.38 30.84 34.22 NOTE
r-devel-linux-x86_64-debian-gcc 0.99.0 2.33 24.34 26.67 NOTE
r-devel-linux-x86_64-fedora-clang 0.99.0 50.54 NOTE
r-devel-linux-x86_64-fedora-gcc 0.99.0 40.78 NOTE
r-devel-windows-ix86+x86_64 0.99.0 6.00 54.00 60.00 OK
r-patched-linux-x86_64 0.99.0 3.47 30.58 34.05 NOTE
r-patched-solaris-x86 0.99.0 64.30 NOTE
r-release-linux-x86_64 0.99.0 3.26 30.86 34.12 NOTE
r-release-macos-x86_64 0.99.0 OK
r-release-windows-ix86+x86_64 0.99.0 6.00 58.00 64.00 OK
r-oldrel-macos-x86_64 0.99.0 OK
r-oldrel-windows-ix86+x86_64 0.99.0 16.00 42.00 58.00 OK

Check Details

Version: 0.99.0
Check: for non-standard things in the check directory
Result: NOTE
    Found the following files/directories:
     'KSEA Bar Plot.tiff' 'KSEA Kinase Scores.csv'
     'KSEA.Merged.Heatmap.png' 'Kinase-Substrate Links.csv'
Flavors: r-devel-linux-x86_64-debian-clang, r-devel-linux-x86_64-debian-gcc, r-devel-linux-x86_64-fedora-clang, r-devel-linux-x86_64-fedora-gcc, r-patched-linux-x86_64, r-patched-solaris-x86, r-release-linux-x86_64