CRAN Package Check Results for Package KSEAapp

Last updated on 2020-02-20 10:48:56 CET.

Flavor Version Tinstall Tcheck Ttotal Status Flags
r-devel-linux-x86_64-debian-clang 0.99.0 3.26 30.17 33.43 NOTE
r-devel-linux-x86_64-debian-gcc 0.99.0 2.31 24.02 26.33 NOTE
r-devel-linux-x86_64-fedora-clang 0.99.0 41.38 WARN
r-devel-linux-x86_64-fedora-gcc 0.99.0 40.59 NOTE
r-devel-windows-ix86+x86_64 0.99.0 7.00 41.00 48.00 OK
r-devel-windows-ix86+x86_64-gcc8 0.99.0 9.00 59.00 68.00 OK
r-patched-linux-x86_64 0.99.0 2.54 27.87 30.41 OK
r-patched-solaris-x86 0.99.0 62.80 OK
r-release-linux-x86_64 0.99.0 2.72 27.99 30.71 OK
r-release-windows-ix86+x86_64 0.99.0 6.00 39.00 45.00 OK
r-release-osx-x86_64 0.99.0 OK
r-oldrel-windows-ix86+x86_64 0.99.0 3.00 36.00 39.00 OK
r-oldrel-osx-x86_64 0.99.0 OK

Check Details

Version: 0.99.0
Check: for non-standard things in the check directory
Result: NOTE
    Found the following files/directories:
     'KSEA Bar Plot.tiff' 'KSEA Kinase Scores.csv'
     'KSEA.Merged.Heatmap.png' 'Kinase-Substrate Links.csv'
Flavors: r-devel-linux-x86_64-debian-clang, r-devel-linux-x86_64-debian-gcc, r-devel-linux-x86_64-fedora-clang, r-devel-linux-x86_64-fedora-gcc

Version: 0.99.0
Check: package dependencies
Result: WARN
    Requires orphaned package: ‘gplots’
Flavor: r-devel-linux-x86_64-fedora-clang