CRAN Package Check Results for Package KTensorGraphs

Last updated on 2022-05-23 09:51:12 CEST.

Flavor Version Tinstall Tcheck Ttotal Status Flags
r-devel-linux-x86_64-debian-clang 1.1 5.36 45.09 50.45 NOTE
r-devel-linux-x86_64-debian-gcc 1.1 4.88 34.39 39.27 NOTE
r-devel-linux-x86_64-fedora-clang 1.1 61.14 NOTE
r-devel-linux-x86_64-fedora-gcc 1.1 60.84 NOTE
r-devel-windows-x86_64 1.1 29.00 51.00 80.00 NOTE
r-patched-linux-x86_64 1.1 5.91 43.54 49.45 NOTE
r-release-linux-x86_64 1.1 NOTE
r-release-macos-arm64 1.1 20.00 NOTE
r-release-macos-x86_64 1.1 25.00 NOTE
r-release-windows-x86_64 1.1 10.00 51.00 61.00 NOTE
r-oldrel-macos-arm64 1.1 23.00 NOTE
r-oldrel-macos-x86_64 1.1 34.00 NOTE
r-oldrel-windows-ix86+x86_64 1.1 12.00 44.00 56.00 NOTE

Check Details

Version: 1.1
Check: LazyData
Result: NOTE
     'LazyData' is specified without a 'data' directory
Flavors: r-devel-linux-x86_64-debian-clang, r-devel-linux-x86_64-debian-gcc, r-devel-linux-x86_64-fedora-clang, r-devel-linux-x86_64-fedora-gcc, r-devel-windows-x86_64, r-patched-linux-x86_64, r-release-linux-x86_64, r-release-macos-arm64, r-release-macos-x86_64, r-release-windows-x86_64, r-oldrel-macos-arm64, r-oldrel-macos-x86_64, r-oldrel-windows-ix86+x86_64