CRAN Package Check Results for Package KarsTS

Last updated on 2020-02-18 00:52:10 CET.

Flavor Version Tinstall Tcheck Ttotal Status Flags
r-devel-linux-x86_64-debian-clang 2.2 0.92 2.23 3.15 ERROR
r-devel-linux-x86_64-debian-gcc 2.2 13.35 64.52 77.87 OK
r-devel-linux-x86_64-fedora-clang 2.2 123.74 NOTE
r-devel-linux-x86_64-fedora-gcc 2.2 118.72 NOTE
r-devel-windows-ix86+x86_64 2.2 29.00 88.00 117.00 OK
r-devel-windows-ix86+x86_64-gcc8 2.2 49.00 123.00 172.00 OK
r-patched-linux-x86_64 2.2 13.63 76.78 90.41 OK
r-patched-solaris-x86 2.2 141.50 NOTE
r-release-linux-x86_64 2.2 12.21 76.72 88.93 OK
r-release-windows-ix86+x86_64 2.2 29.00 75.00 104.00 OK
r-release-osx-x86_64 2.2 FAIL
r-oldrel-windows-ix86+x86_64 2.2 21.00 77.00 98.00 OK
r-oldrel-osx-x86_64 2.2 NOTE

Check Details

Version: 2.2
Check: package dependencies
Result: ERROR
    Package required but not available: 'MVN'
    
    See section 'The DESCRIPTION file' in the 'Writing R Extensions'
    manual.
Flavor: r-devel-linux-x86_64-debian-clang

Version: 2.2
Check: dependencies in R code
Result: NOTE
    Namespace in Imports field not imported from: ‘stinepack’
     All declared Imports should be used.
Flavors: r-devel-linux-x86_64-fedora-clang, r-devel-linux-x86_64-fedora-gcc, r-patched-solaris-x86, r-oldrel-osx-x86_64

Version: 2.2
Check: dependencies in R code
Result: FAIL
Flavor: r-release-osx-x86_64