CRAN Package Check Results for Package KarsTS

Last updated on 2019-09-18 03:47:41 CEST.

Flavor Version Tinstall Tcheck Ttotal Status Flags
r-devel-linux-x86_64-debian-clang 2.2 14.30 74.98 89.28 OK
r-devel-linux-x86_64-debian-gcc 2.2 9.35 58.95 68.30 OK
r-devel-linux-x86_64-fedora-clang 2.2 113.56 NOTE
r-devel-linux-x86_64-fedora-gcc 2.2 108.43 NOTE
r-devel-windows-ix86+x86_64 2.2 46.00 114.00 160.00 OK
r-patched-linux-x86_64 2.2 13.09 77.19 90.28 OK
r-patched-solaris-x86 2.2 141.20 NOTE
r-release-linux-x86_64 2.2 14.17 76.47 90.64 OK
r-release-windows-ix86+x86_64 2.2 27.00 81.00 108.00 OK
r-release-osx-x86_64 2.2 FAIL
r-oldrel-windows-ix86+x86_64 2.2 27.00 76.00 103.00 OK
r-oldrel-osx-x86_64 2.2 NOTE

Check Details

Version: 2.2
Check: dependencies in R code
Result: NOTE
    Namespace in Imports field not imported from: ‘stinepack’
     All declared Imports should be used.
Flavors: r-devel-linux-x86_64-fedora-clang, r-devel-linux-x86_64-fedora-gcc, r-patched-solaris-x86, r-oldrel-osx-x86_64

Version: 2.2
Check: dependencies in R code
Result: FAIL
    
Flavor: r-release-osx-x86_64