CRAN Package Check Results for Package Kendall

Last updated on 2022-12-07 23:55:16 CET.

Flavor Version Tinstall Tcheck Ttotal Status Flags
r-devel-linux-x86_64-debian-clang 2.2.1 3.11 28.32 31.43 OK
r-devel-linux-x86_64-debian-gcc 2.2.1 2.21 22.44 24.65 OK
r-devel-linux-x86_64-fedora-clang 2.2.1 50.50 NOTE
r-devel-linux-x86_64-fedora-gcc 2.2.1 47.58 NOTE
r-devel-windows-x86_64 2.2.1 17.00 58.00 75.00 OK
r-patched-linux-x86_64 2.2.1 2.94 26.70 29.64 OK
r-release-linux-x86_64 2.2.1 2.71 26.79 29.50 OK
r-release-macos-arm64 2.2.1 19.00 OK
r-release-macos-x86_64 2.2.1 23.00 OK
r-release-windows-x86_64 2.2.1 13.00 56.00 69.00 OK
r-oldrel-macos-arm64 2.2.1 18.00 OK
r-oldrel-macos-x86_64 2.2.1 40.00 OK
r-oldrel-windows-ix86+x86_64 2.2.1 8.00 62.00 70.00 OK

Check Details

Version: 2.2.1
Check: compiled code
Result: NOTE
    File ‘Kendall/libs/Kendall.so’:
     Found no calls to: ‘R_registerRoutines’, ‘R_useDynamicSymbols’
    
    It is good practice to register native routines and to disable symbol
    search.
    
    See ‘Writing portable packages’ in the ‘Writing R Extensions’ manual.
Flavors: r-devel-linux-x86_64-fedora-clang, r-devel-linux-x86_64-fedora-gcc