Last updated on 2022-08-09 09:52:55 CEST.
Flavor | Version | Tinstall | Tcheck | Ttotal | Status | Flags |
---|---|---|---|---|---|---|
r-devel-linux-x86_64-debian-clang | 2.2.1 | 2.83 | 28.45 | 31.28 | OK | |
r-devel-linux-x86_64-debian-gcc | 2.2.1 | 2.02 | 22.04 | 24.06 | OK | |
r-devel-linux-x86_64-fedora-clang | 2.2.1 | 47.03 | NOTE | |||
r-devel-linux-x86_64-fedora-gcc | 2.2.1 | 46.63 | NOTE | |||
r-devel-windows-x86_64 | 2.2.1 | 13.00 | 53.00 | 66.00 | OK | |
r-patched-linux-x86_64 | 2.2.1 | 3.05 | 26.45 | 29.50 | OK | |
r-release-linux-x86_64 | 2.2.1 | OK | ||||
r-release-macos-arm64 | 2.2.1 | 19.00 | OK | |||
r-release-macos-x86_64 | 2.2.1 | 23.00 | OK | |||
r-release-windows-x86_64 | 2.2.1 | 10.00 | 54.00 | 64.00 | OK | |
r-oldrel-macos-arm64 | 2.2.1 | 18.00 | OK | |||
r-oldrel-macos-x86_64 | 2.2.1 | 40.00 | OK | |||
r-oldrel-windows-ix86+x86_64 | 2.2.1 | 9.00 | 56.00 | 65.00 | OK |
Version: 2.2.1
Check: compiled code
Result: NOTE
File ‘Kendall/libs/Kendall.so’:
Found no calls to: ‘R_registerRoutines’, ‘R_useDynamicSymbols’
It is good practice to register native routines and to disable symbol
search.
See ‘Writing portable packages’ in the ‘Writing R Extensions’ manual.
Flavors: r-devel-linux-x86_64-fedora-clang, r-devel-linux-x86_64-fedora-gcc