Last updated on 2023-01-30 09:54:15 CET.
Flavor | Version | Tinstall | Tcheck | Ttotal | Status | Flags |
---|---|---|---|---|---|---|
r-devel-linux-x86_64-debian-clang | 1.0.0 | 1.42 | 26.43 | 27.85 | NOTE | |
r-devel-linux-x86_64-debian-gcc | 1.0.0 | 1.70 | 20.55 | 22.25 | NOTE | |
r-devel-linux-x86_64-fedora-clang | 1.0.0 | 36.77 | NOTE | |||
r-devel-linux-x86_64-fedora-gcc | 1.0.0 | 51.43 | NOTE | |||
r-devel-windows-x86_64 | 1.0.0 | 17.00 | 59.00 | 76.00 | NOTE | |
r-patched-linux-x86_64 | 1.0.0 | 1.59 | 26.15 | 27.74 | NOTE | |
r-release-linux-x86_64 | 1.0.0 | 2.21 | 27.12 | 29.33 | NOTE | |
r-release-macos-arm64 | 1.0.0 | 17.00 | NOTE | |||
r-release-macos-x86_64 | 1.0.0 | 25.00 | NOTE | |||
r-release-windows-x86_64 | 1.0.0 | 16.00 | 60.00 | 76.00 | NOTE | |
r-oldrel-macos-arm64 | 1.0.0 | 18.00 | NOTE | |||
r-oldrel-macos-x86_64 | 1.0.0 | 28.00 | NOTE | |||
r-oldrel-windows-ix86+x86_64 | 1.0.0 | 6.00 | 51.00 | 57.00 | NOTE |
Version: 1.0.0
Check: LazyData
Result: NOTE
'LazyData' is specified without a 'data' directory
Flavors: r-devel-linux-x86_64-debian-clang, r-devel-linux-x86_64-debian-gcc, r-devel-linux-x86_64-fedora-clang, r-devel-linux-x86_64-fedora-gcc, r-devel-windows-x86_64, r-patched-linux-x86_64, r-release-linux-x86_64, r-release-macos-arm64, r-release-macos-x86_64, r-release-windows-x86_64, r-oldrel-macos-arm64, r-oldrel-macos-x86_64, r-oldrel-windows-ix86+x86_64