Last updated on 2023-03-28 00:51:52 CEST.
Flavor | Version | Tinstall | Tcheck | Ttotal | Status | Flags |
---|---|---|---|---|---|---|
r-devel-linux-x86_64-debian-clang | 2.1 | 14.00 | 129.66 | 143.66 | NOTE | |
r-devel-linux-x86_64-debian-gcc | 2.1 | 14.25 | 99.36 | 113.61 | NOTE | |
r-devel-linux-x86_64-fedora-clang | 2.1 | 190.73 | NOTE | |||
r-devel-linux-x86_64-fedora-gcc | 2.1 | 185.87 | NOTE | |||
r-patched-linux-x86_64 | 2.1 | 16.41 | 124.57 | 140.98 | NOTE | |
r-release-linux-x86_64 | 2.1 | 14.47 | 123.34 | 137.81 | NOTE | |
r-release-macos-arm64 | 2.1 | 46.00 | NOTE | |||
r-release-macos-x86_64 | 2.1 | 72.00 | NOTE | |||
r-release-windows-x86_64 | 2.1 | 24.00 | 155.00 | 179.00 | OK | |
r-oldrel-macos-arm64 | 2.1 | 53.00 | NOTE | |||
r-oldrel-macos-x86_64 | 2.1 | 61.00 | NOTE | |||
r-oldrel-windows-ix86+x86_64 | 2.1 | 30.00 | 144.00 | 174.00 | OK |
Version: 2.1
Check: package dependencies
Result: NOTE
Package suggested but not available for checking: ‘VARSEDIG’
Flavors: r-devel-linux-x86_64-debian-clang, r-devel-linux-x86_64-debian-gcc, r-devel-linux-x86_64-fedora-clang, r-devel-linux-x86_64-fedora-gcc, r-patched-linux-x86_64, r-release-linux-x86_64
Version: 2.1
Check: Rd cross-references
Result: NOTE
Unknown package ‘VARSEDIG’ in Rd xrefs
Flavors: r-devel-linux-x86_64-debian-clang, r-devel-linux-x86_64-debian-gcc, r-devel-linux-x86_64-fedora-gcc, r-patched-linux-x86_64, r-release-linux-x86_64
Version: 2.1
Check: Rd cross-references
Result: NOTE
Undeclared packages ‘usdm’, ‘car’, ‘IDPmisc’, ‘psych’, ‘REdaS’, ‘candisc’ in Rd xrefs
Unknown package ‘VARSEDIG’ in Rd xrefs
Flavor: r-devel-linux-x86_64-fedora-clang
Version: 2.1
Check: data for non-ASCII characters
Result: NOTE
Note: found 9 marked Latin-1 strings
Flavors: r-devel-linux-x86_64-fedora-clang, r-devel-linux-x86_64-fedora-gcc, r-release-macos-arm64, r-release-macos-x86_64, r-oldrel-macos-arm64, r-oldrel-macos-x86_64
Version: 2.1
Check: Rd cross-references
Result: NOTE
Unknown package ‘REdaS’ in Rd xrefs
Flavor: r-release-macos-x86_64