CRAN Package Check Results for Package KnowBR

Last updated on 2019-03-20 08:48:37 CET.

Flavor Version Tinstall Tcheck Ttotal Status Flags
r-devel-linux-x86_64-debian-clang 2.0 12.14 87.36 99.50 OK
r-devel-linux-x86_64-debian-gcc 2.0 11.04 68.10 79.14 OK
r-devel-linux-x86_64-fedora-clang 2.0 120.43 NOTE
r-devel-linux-x86_64-fedora-gcc 2.0 111.15 NOTE
r-devel-windows-ix86+x86_64 2.0 28.00 121.00 149.00 OK
r-patched-linux-x86_64 2.0 9.13 81.30 90.43 OK
r-patched-solaris-x86 2.0 160.30 NOTE
r-release-linux-x86_64 2.0 10.42 83.25 93.67 OK
r-release-windows-ix86+x86_64 2.0 14.00 103.00 117.00 OK
r-release-osx-x86_64 2.0 NOTE
r-oldrel-windows-ix86+x86_64 2.0 15.00 119.00 134.00 OK
r-oldrel-osx-x86_64 2.0 NOTE

Check Details

Version: 2.0
Check: data for non-ASCII characters
Result: NOTE
     Note: found 9 marked Latin-1 strings
Flavors: r-devel-linux-x86_64-fedora-clang, r-devel-linux-x86_64-fedora-gcc, r-patched-solaris-x86, r-release-osx-x86_64, r-oldrel-osx-x86_64