CRAN Package Check Results for Package KnowBR

Last updated on 2019-06-25 11:50:21 CEST.

Flavor Version Tinstall Tcheck Ttotal Status Flags
r-devel-linux-x86_64-debian-clang 2.0 14.33 85.93 100.26 NOTE
r-devel-linux-x86_64-debian-gcc 2.0 11.26 69.36 80.62 NOTE
r-devel-linux-x86_64-fedora-clang 2.0 117.85 NOTE
r-devel-linux-x86_64-fedora-gcc 2.0 114.00 NOTE
r-devel-windows-ix86+x86_64 2.0 29.00 129.00 158.00 OK
r-patched-linux-x86_64 2.0 13.09 85.72 98.81 OK
r-patched-solaris-x86 2.0 178.70 NOTE
r-release-linux-x86_64 2.0 13.41 86.49 99.90 OK
r-release-windows-ix86+x86_64 2.0 23.00 105.00 128.00 OK
r-release-osx-x86_64 2.0 NOTE
r-oldrel-windows-ix86+x86_64 2.0 15.00 87.00 102.00 OK
r-oldrel-osx-x86_64 2.0 NOTE

Check Details

Version: 2.0
Check: for non-standard things in the check directory
Result: NOTE
    Found the following files/directories:
     'Completeness.RData' 'Estimators.RData' 'Inf.txt' 'List of
     species.RData' 'Observed richness.RData' 'Records.RData'
     'Slope.RData' 'Standard error of the estimators.RData'
Flavors: r-devel-linux-x86_64-debian-clang, r-devel-linux-x86_64-debian-gcc, r-devel-linux-x86_64-fedora-clang, r-devel-linux-x86_64-fedora-gcc

Version: 2.0
Check: data for non-ASCII characters
Result: NOTE
     Note: found 9 marked Latin-1 strings
Flavors: r-devel-linux-x86_64-fedora-clang, r-devel-linux-x86_64-fedora-gcc, r-patched-solaris-x86, r-release-osx-x86_64, r-oldrel-osx-x86_64