CRAN Package Check Results for Package L0Learn

Last updated on 2022-08-12 04:53:26 CEST.

Flavor Version Tinstall Tcheck Ttotal Status Flags
r-devel-linux-x86_64-debian-clang 2.0.3 273.01 163.16 436.17 OK
r-devel-linux-x86_64-debian-gcc 2.0.3 206.02 219.27 425.29 OK
r-devel-linux-x86_64-fedora-clang 2.0.3 602.34 NOTE
r-devel-linux-x86_64-fedora-gcc 2.0.3 560.93 OK
r-devel-windows-x86_64 2.0.3 205.00 232.00 437.00 OK
r-patched-linux-x86_64 2.0.3 221.91 218.39 440.30 OK
r-release-linux-x86_64 2.0.3 230.62 196.36 426.98 OK
r-release-macos-arm64 2.0.3 141.00 NOTE
r-release-macos-x86_64 2.0.3 216.00 NOTE
r-release-windows-x86_64 2.0.3 183.00 230.00 413.00 OK
r-oldrel-macos-arm64 2.0.3 173.00 NOTE
r-oldrel-macos-x86_64 2.0.3 233.00 NOTE
r-oldrel-windows-ix86+x86_64 2.0.3 598.00 332.00 930.00 NOTE

Check Details

Version: 2.0.3
Check: installed package size
Result: NOTE
     installed size is 14.1Mb
     sub-directories of 1Mb or more:
     doc 2.4Mb
     libs 11.5Mb
Flavors: r-devel-linux-x86_64-fedora-clang, r-release-macos-arm64, r-release-macos-x86_64, r-oldrel-macos-arm64, r-oldrel-macos-x86_64, r-oldrel-windows-ix86+x86_64