CRAN Package Check Results for Package L0Learn

Last updated on 2019-08-19 11:49:05 CEST.

Flavor Version Tinstall Tcheck Ttotal Status Flags
r-devel-linux-x86_64-debian-clang 1.1.0 240.84 88.80 329.64 OK
r-devel-linux-x86_64-debian-gcc 1.1.0 188.72 69.76 258.48 OK
r-devel-linux-x86_64-fedora-clang 1.1.0 505.00 NOTE
r-devel-linux-x86_64-fedora-gcc 1.1.0 479.11 OK
r-devel-windows-ix86+x86_64 1.1.0 627.00 186.00 813.00 NOTE
r-patched-linux-x86_64 1.1.0 217.31 86.20 303.51 OK
r-patched-solaris-x86 1.1.0 465.30 OK
r-release-linux-x86_64 1.1.0 216.64 86.28 302.92 OK
r-release-windows-ix86+x86_64 1.1.0 477.00 133.00 610.00 NOTE
r-release-osx-x86_64 1.1.0 NOTE
r-oldrel-windows-ix86+x86_64 1.1.0 606.00 184.00 790.00 NOTE
r-oldrel-osx-x86_64 1.1.0 NOTE

Check Details

Version: 1.1.0
Check: installed package size
Result: NOTE
     installed size is 18.1Mb
     sub-directories of 1Mb or more:
     doc 2.7Mb
     libs 15.3Mb
Flavors: r-devel-linux-x86_64-fedora-clang, r-devel-windows-ix86+x86_64, r-release-windows-ix86+x86_64, r-release-osx-x86_64, r-oldrel-windows-ix86+x86_64, r-oldrel-osx-x86_64