CRAN Package Check Results for Package L0Learn

Last updated on 2019-02-19 18:48:14 CET.

Flavor Version Tinstall Tcheck Ttotal Status Flags
r-devel-linux-x86_64-debian-clang 1.0.8 232.26 87.30 319.56 OK
r-devel-linux-x86_64-debian-gcc 1.0.8 186.45 67.06 253.51 OK
r-devel-linux-x86_64-fedora-clang 1.0.8 501.75 NOTE
r-devel-linux-x86_64-fedora-gcc 1.0.8 434.84 OK
r-devel-windows-ix86+x86_64 1.0.8 641.00 177.00 818.00 OK
r-patched-linux-x86_64 1.0.8 218.67 81.67 300.34 OK
r-patched-solaris-x86 1.0.8 425.70 OK
r-release-linux-x86_64 1.0.8 221.90 81.84 303.74 OK
r-release-windows-ix86+x86_64 1.0.8 454.00 179.00 633.00 OK
r-release-osx-x86_64 1.0.8 NOTE
r-oldrel-windows-ix86+x86_64 1.0.8 478.00 145.00 623.00 OK
r-oldrel-osx-x86_64 1.0.8 NOTE

Check Details

Version: 1.0.8
Check: installed package size
Result: NOTE
     installed size is 15.7Mb
     sub-directories of 1Mb or more:
     doc 1.9Mb
     libs 13.6Mb
Flavors: r-devel-linux-x86_64-fedora-clang, r-release-osx-x86_64, r-oldrel-osx-x86_64