CRAN Package Check Results for Package L0Learn

Last updated on 2019-04-26 16:36:28 CEST.

Flavor Version Tinstall Tcheck Ttotal Status Flags
r-devel-linux-x86_64-debian-clang 1.1.0 241.50 87.24 328.74 OK
r-devel-linux-x86_64-debian-gcc 1.1.0 189.24 69.28 258.52 OK
r-devel-linux-x86_64-fedora-clang 1.1.0 499.77 NOTE
r-devel-linux-x86_64-fedora-gcc 1.1.0 436.23 OK
r-patched-linux-x86_64 1.1.0 218.21 85.37 303.58 OK
r-patched-solaris-x86 1.1.0 451.60 OK
r-release-linux-x86_64 1.1.0 219.05 82.56 301.61 OK
r-release-windows-ix86+x86_64 1.1.0 623.00 182.00 805.00 NOTE
r-release-osx-x86_64 1.1.0 NOTE
r-oldrel-windows-ix86+x86_64 1.1.0 626.00 185.00 811.00 NOTE
r-oldrel-osx-x86_64 1.1.0 NOTE

Check Details

Version: 1.1.0
Check: installed package size
Result: NOTE
     installed size is 16.5Mb
     sub-directories of 1Mb or more:
     doc 2.7Mb
     libs 13.7Mb
Flavors: r-devel-linux-x86_64-fedora-clang, r-release-windows-ix86+x86_64, r-release-osx-x86_64, r-oldrel-windows-ix86+x86_64, r-oldrel-osx-x86_64