CRAN Package Check Results for Package LCAvarsel

Last updated on 2019-02-19 18:48:15 CET.

Flavor Version Tinstall Tcheck Ttotal Status Flags
r-devel-linux-x86_64-debian-clang 1.1 2.46 33.45 35.91 OK
r-devel-linux-x86_64-debian-gcc 1.1 1.90 25.75 27.65 OK
r-devel-linux-x86_64-fedora-clang 1.1 42.30 NOTE
r-devel-linux-x86_64-fedora-gcc 1.1 39.56 NOTE
r-devel-windows-ix86+x86_64 1.1 6.00 56.00 62.00 OK
r-patched-linux-x86_64 1.1 2.38 29.40 31.78 OK
r-patched-solaris-x86 1.1 58.00 NOTE
r-release-linux-x86_64 1.1 2.07 29.33 31.40 OK
r-release-windows-ix86+x86_64 1.1 3.00 59.00 62.00 OK
r-release-osx-x86_64 1.1 NOTE
r-oldrel-windows-ix86+x86_64 1.1 7.00 42.00 49.00 OK
r-oldrel-osx-x86_64 1.1 NOTE

Check Details

Version: 1.1
Check: dependencies in R code
Result: NOTE
    Namespace in Imports field not imported from: ‘doParallel’
     All declared Imports should be used.
Flavors: r-devel-linux-x86_64-fedora-clang, r-devel-linux-x86_64-fedora-gcc, r-patched-solaris-x86, r-release-osx-x86_64, r-oldrel-osx-x86_64