CRAN Package Check Results for Package LCCR

Last updated on 2022-01-18 01:52:03 CET.

Flavor Version Tinstall Tcheck Ttotal Status Flags
r-devel-linux-x86_64-debian-clang 1.3 3.50 43.87 47.37 OK
r-devel-linux-x86_64-debian-gcc 1.3 3.06 33.62 36.68 OK
r-devel-linux-x86_64-fedora-clang 1.3 60.39 OK
r-devel-linux-x86_64-fedora-gcc 1.3 49.10 OK
r-devel-windows-x86_64-new-UL 1.3 25.00 65.00 90.00 OK
r-devel-windows-x86_64-new-TK 1.3 OK
r-patched-linux-x86_64 1.3 3.89 0.47 4.36 FAIL
r-release-linux-x86_64 1.3 OK
r-release-macos-arm64 1.3 OK
r-release-macos-x86_64 1.3 OK
r-release-windows-ix86+x86_64 1.3 9.00 52.00 61.00 OK
r-oldrel-macos-x86_64 1.3 OK
r-oldrel-windows-ix86+x86_64 1.3 8.00 51.00 59.00 OK

Check Details

Version: 1.3
Check: package dependencies
Result: FAIL
Flavor: r-patched-linux-x86_64