Last updated on 2023-12-09 12:49:25 CET.
Flavor | Version | Tinstall | Tcheck | Ttotal | Status | Flags |
---|---|---|---|---|---|---|
r-devel-linux-x86_64-debian-clang | 0.4.13 | 23.49 | 38.16 | 61.65 | WARN | |
r-devel-linux-x86_64-debian-gcc | 0.4.13 | 18.09 | 29.03 | 47.12 | OK | |
r-devel-linux-x86_64-fedora-clang | 0.4.13 | 89.24 | WARN | |||
r-devel-linux-x86_64-fedora-gcc | 0.4.13 | 83.51 | OK | |||
r-devel-windows-x86_64 | 0.4.13 | 21.00 | 72.00 | 93.00 | OK | |
r-patched-linux-x86_64 | 0.4.13 | 20.99 | 36.92 | 57.91 | OK | |
r-release-linux-x86_64 | 0.4.13 | 21.91 | 37.70 | 59.61 | OK | |
r-release-macos-arm64 | 0.4.13 | 34.00 | OK | |||
r-release-macos-x86_64 | 0.4.13 | 56.00 | OK | |||
r-release-windows-x86_64 | 0.4.13 | 23.00 | 78.00 | 101.00 | OK | |
r-oldrel-macos-arm64 | 0.4.13 | 37.00 | OK | |||
r-oldrel-macos-x86_64 | 0.4.13 | 37.00 | OK | |||
r-oldrel-windows-x86_64 | 0.4.13 | 29.00 | 84.00 | 113.00 | OK |
Version: 0.4.13
Check: whether package can be installed
Result: WARN
Found the following significant warnings:
R_Interface/R_Lcm_CR.cpp:66:16: warning: format string is not a string literal (potentially insecure) [-Wformat-security]
daniel2/R_Environ_Simple.cpp:85:19: warning: format string is not a string literal (potentially insecure) [-Wformat-security]
daniel2/R_Environ_Simple.cpp:98:16: warning: format string is not a string literal (potentially insecure) [-Wformat-security]
daniel2/R_Environ_Simple.cpp:138:19: warning: format string is not a string literal (potentially insecure) [-Wformat-security]
daniel2/R_Environ_Simple.cpp:354:19: warning: format string is not a string literal (potentially insecure) [-Wformat-security]
See ‘/home/hornik/tmp/R.check/r-devel-clang/Work/PKGS/LCMCR.Rcheck/00install.out’ for details.
* used C++ compiler: ‘Debian clang version 17.0.5 (1)’
Flavor: r-devel-linux-x86_64-debian-clang
Version: 0.4.13
Check: whether package can be installed
Result: WARN
Found the following significant warnings:
R_Interface/R_Lcm_CR.cpp:66:16: warning: format string is not a string literal (potentially insecure) [-Wformat-security]
daniel2/R_Environ_Simple.cpp:85:19: warning: format string is not a string literal (potentially insecure) [-Wformat-security]
daniel2/R_Environ_Simple.cpp:98:16: warning: format string is not a string literal (potentially insecure) [-Wformat-security]
daniel2/R_Environ_Simple.cpp:138:19: warning: format string is not a string literal (potentially insecure) [-Wformat-security]
daniel2/R_Environ_Simple.cpp:354:19: warning: format string is not a string literal (potentially insecure) [-Wformat-security]
See ‘/data/gannet/ripley/R/packages/tests-clang/LCMCR.Rcheck/00install.out’ for details.
* used C++ compiler: ‘clang version 17.0.5’
Flavor: r-devel-linux-x86_64-fedora-clang